Last updated on 2024-06-27 16:49:09 CEST.
Flavor | Version | Tinstall | Tcheck | Ttotal | Status | Flags |
---|---|---|---|---|---|---|
r-devel-linux-x86_64-debian-clang | 0.7.7 | OK | ||||
r-devel-linux-x86_64-debian-gcc | 0.7.7 | 100.37 | 260.90 | 361.27 | OK | |
r-devel-linux-x86_64-fedora-clang | 0.7.7 | 628.67 | OK | |||
r-devel-linux-x86_64-fedora-gcc | 0.7.7 | 655.34 | OK | |||
r-devel-windows-x86_64 | 0.7.7 | 98.00 | 297.00 | 395.00 | OK | |
r-patched-linux-x86_64 | 0.7.7 | 120.53 | 344.96 | 465.49 | OK | |
r-release-linux-x86_64 | 0.7.7 | 121.87 | 345.20 | 467.07 | OK | |
r-release-macos-arm64 | 0.7.7 | 155.00 | NOTE | |||
r-release-macos-x86_64 | 0.7.7 | 234.00 | NOTE | |||
r-release-windows-x86_64 | 0.7.7 | 108.00 | 305.00 | 413.00 | OK | |
r-oldrel-macos-arm64 | 0.7.7 | 169.00 | NOTE | |||
r-oldrel-macos-x86_64 | 0.7.7 | 370.00 | NOTE | |||
r-oldrel-windows-x86_64 | 0.7.7 | 134.00 | 381.00 | 515.00 | OK |
Version: 0.7.7
Check: installed package size
Result: NOTE
installed size is 20.9Mb
sub-directories of 1Mb or more:
R 2.0Mb
libs 18.4Mb
Flavors: r-release-macos-arm64, r-release-macos-x86_64, r-oldrel-macos-arm64, r-oldrel-macos-x86_64