Last updated on 2024-07-13 05:49:18 CEST.
Flavor | Version | Tinstall | Tcheck | Ttotal | Status | Flags |
---|---|---|---|---|---|---|
r-devel-linux-x86_64-debian-clang | 6.1.1 | 53.55 | 295.77 | 349.32 | OK | |
r-devel-linux-x86_64-debian-gcc | 6.1.1 | 31.18 | 185.46 | 216.64 | OK | |
r-devel-linux-x86_64-fedora-clang | 6.1.1 | 433.50 | NOTE | |||
r-devel-linux-x86_64-fedora-gcc | 6.1.1 | 395.46 | OK | |||
r-devel-windows-x86_64 | 6.1.1 | 40.00 | 256.00 | 296.00 | NOTE | |
r-patched-linux-x86_64 | 6.1.1 | 45.89 | 253.22 | 299.11 | OK | |
r-release-linux-x86_64 | 6.1.1 | 42.00 | 256.27 | 298.27 | OK | |
r-release-macos-arm64 | 6.1.1 | 127.00 | NOTE | |||
r-release-macos-x86_64 | 6.1.1 | 147.00 | NOTE | |||
r-release-windows-x86_64 | 6.1.1 | 40.00 | 251.00 | 291.00 | NOTE | |
r-oldrel-macos-arm64 | 6.1.1 | 133.00 | NOTE | |||
r-oldrel-macos-x86_64 | 6.1.1 | 353.00 | NOTE | |||
r-oldrel-windows-x86_64 | 6.1.1 | 46.00 | 297.00 | 343.00 | NOTE |
Version: 6.1.1
Check: installed package size
Result: NOTE
installed size is 5.3Mb
sub-directories of 1Mb or more:
doc 2.9Mb
Flavors: r-devel-linux-x86_64-fedora-clang, r-devel-windows-x86_64, r-release-macos-arm64, r-release-macos-x86_64, r-release-windows-x86_64, r-oldrel-macos-arm64, r-oldrel-macos-x86_64, r-oldrel-windows-x86_64