Last updated on 2024-06-21 15:52:56 CEST.
Flavor | Version | Tinstall | Tcheck | Ttotal | Status | Flags |
---|---|---|---|---|---|---|
r-devel-linux-x86_64-debian-clang | 0.2.7 | 36.42 | 125.42 | 161.84 | OK | |
r-devel-linux-x86_64-debian-gcc | 0.2.7 | 23.23 | 89.11 | 112.34 | OK | |
r-devel-linux-x86_64-fedora-clang | 0.2.7 | 205.72 | NOTE | |||
r-devel-linux-x86_64-fedora-gcc | 0.2.7 | 188.45 | OK | |||
r-devel-windows-x86_64 | 0.2.7 | 29.00 | 138.00 | 167.00 | OK | |
r-patched-linux-x86_64 | 0.2.7 | 26.05 | 116.63 | 142.68 | OK | |
r-release-linux-x86_64 | 0.2.7 | 20.24 | 115.54 | 135.78 | OK | |
r-release-macos-arm64 | 0.2.7 | 75.00 | OK | |||
r-release-macos-x86_64 | 0.2.7 | 105.00 | OK | |||
r-release-windows-x86_64 | 0.2.7 | 30.00 | 142.00 | 172.00 | OK | |
r-oldrel-macos-arm64 | 0.2.7 | 88.00 | OK | |||
r-oldrel-macos-x86_64 | 0.2.7 | 139.00 | OK | |||
r-oldrel-windows-x86_64 | 0.2.7 | 37.00 | 182.00 | 219.00 | OK |
Version: 0.2.7
Check: Rd cross-references
Result: NOTE
Undeclared package ‘NLP’ in Rd xrefs
Flavor: r-devel-linux-x86_64-fedora-clang