Last updated on 2024-07-13 05:49:18 CEST.
Flavor | Version | Tinstall | Tcheck | Ttotal | Status | Flags |
---|---|---|---|---|---|---|
r-devel-linux-x86_64-debian-clang | 0.1.2 | 5.91 | 77.91 | 83.82 | NOTE | |
r-devel-linux-x86_64-debian-gcc | 0.1.2 | 6.42 | 58.65 | 65.07 | NOTE | |
r-devel-linux-x86_64-fedora-clang | 0.1.2 | 106.32 | NOTE | |||
r-devel-linux-x86_64-fedora-gcc | 0.1.2 | 116.87 | NOTE | |||
r-devel-windows-x86_64 | 0.1.2 | 8.00 | 74.00 | 82.00 | NOTE | |
r-patched-linux-x86_64 | 0.1.2 | 6.93 | 74.99 | 81.92 | NOTE | |
r-release-linux-x86_64 | 0.1.2 | 7.09 | 74.10 | 81.19 | NOTE | |
r-release-macos-arm64 | 0.1.2 | 38.00 | NOTE | |||
r-release-macos-x86_64 | 0.1.2 | 87.00 | NOTE | |||
r-release-windows-x86_64 | 0.1.2 | 7.00 | 72.00 | 79.00 | NOTE | |
r-oldrel-macos-arm64 | 0.1.2 | 43.00 | NOTE | |||
r-oldrel-macos-x86_64 | 0.1.2 | 67.00 | NOTE | |||
r-oldrel-windows-x86_64 | 0.1.2 | 10.00 | 88.00 | 98.00 | NOTE |
Version: 0.1.2
Check: Rd files
Result: NOTE
checkRd: (-1) mc.lnOR.Rd:7: Escaped LaTeX specials: \&
Flavors: r-devel-linux-x86_64-debian-clang, r-devel-linux-x86_64-debian-gcc, r-devel-linux-x86_64-fedora-clang, r-devel-linux-x86_64-fedora-gcc, r-devel-windows-x86_64, r-patched-linux-x86_64, r-release-linux-x86_64, r-release-macos-arm64, r-release-macos-x86_64, r-release-windows-x86_64, r-oldrel-macos-arm64, r-oldrel-macos-x86_64, r-oldrel-windows-x86_64
Version: 0.1.2
Check: LazyData
Result: NOTE
'LazyData' is specified without a 'data' directory
Flavors: r-devel-linux-x86_64-debian-clang, r-devel-linux-x86_64-debian-gcc, r-devel-linux-x86_64-fedora-clang, r-devel-linux-x86_64-fedora-gcc, r-devel-windows-x86_64, r-patched-linux-x86_64, r-release-linux-x86_64, r-release-macos-arm64, r-release-macos-x86_64, r-release-windows-x86_64, r-oldrel-macos-arm64, r-oldrel-macos-x86_64, r-oldrel-windows-x86_64
Version: 0.1.2
Check: dependencies in R code
Result: NOTE
Namespace in Imports field not imported from: ‘boot.heterogeneity’
All declared Imports should be used.
Flavors: r-devel-linux-x86_64-fedora-clang, r-devel-linux-x86_64-fedora-gcc