Last updated on 2024-06-21 09:55:47 CEST.
Flavor | Version | Tinstall | Tcheck | Ttotal | Status | Flags |
---|---|---|---|---|---|---|
r-devel-linux-x86_64-debian-clang | 2.3.1 | 18.81 | 25.18 | 43.99 | OK | |
r-devel-linux-x86_64-debian-gcc | 2.3.1 | 12.70 | 19.40 | 32.10 | OK | |
r-devel-linux-x86_64-fedora-clang | 2.3.1 | 53.19 | NOTE | |||
r-devel-linux-x86_64-fedora-gcc | 2.3.1 | 50.60 | OK | |||
r-devel-windows-x86_64 | 2.3.1 | 20.00 | 41.00 | 61.00 | NOTE | |
r-patched-linux-x86_64 | 2.3.1 | 18.81 | 24.49 | 43.30 | OK | |
r-release-linux-x86_64 | 2.3.1 | 18.86 | 24.92 | 43.78 | OK | |
r-release-macos-arm64 | 2.3.1 | 26.00 | NOTE | |||
r-release-macos-x86_64 | 2.3.1 | 38.00 | NOTE | |||
r-release-windows-x86_64 | 2.3.1 | 20.00 | 42.00 | 62.00 | NOTE | |
r-oldrel-macos-arm64 | 2.3.1 | 28.00 | NOTE | |||
r-oldrel-macos-x86_64 | 2.3.1 | 46.00 | NOTE | |||
r-oldrel-windows-x86_64 | 2.3.1 | 26.00 | 42.00 | 68.00 | NOTE |
Version: 2.3.1
Check: installed package size
Result: NOTE
installed size is 33.6Mb
sub-directories of 1Mb or more:
mapdata 33.4Mb
Flavors: r-devel-linux-x86_64-fedora-clang, r-devel-windows-x86_64, r-release-macos-arm64, r-release-macos-x86_64, r-release-windows-x86_64, r-oldrel-macos-arm64, r-oldrel-macos-x86_64, r-oldrel-windows-x86_64