Last updated on 2024-08-10 16:49:00 CEST.
Flavor | Version | Tinstall | Tcheck | Ttotal | Status | Flags |
---|---|---|---|---|---|---|
r-devel-linux-x86_64-debian-clang | 0.2.2 | 8.88 | 500.72 | 509.60 | NOTE | |
r-devel-linux-x86_64-debian-gcc | 0.2.2 | 6.16 | 285.10 | 291.26 | NOTE | |
r-devel-linux-x86_64-fedora-clang | 0.2.2 | 825.28 | OK | |||
r-devel-linux-x86_64-fedora-gcc | 0.2.2 | 777.87 | OK | |||
r-devel-windows-x86_64 | 0.2.2 | 13.00 | 321.00 | 334.00 | NOTE | |
r-patched-linux-x86_64 | 0.2.2 | 14.11 | 492.68 | 506.79 | OK | |
r-release-linux-x86_64 | 0.2.2 | 9.10 | 496.61 | 505.71 | OK | |
r-release-macos-arm64 | 0.2.2 | 154.00 | OK | |||
r-release-macos-x86_64 | 0.2.2 | 495.00 | OK | |||
r-release-windows-x86_64 | 0.2.2 | 13.00 | 320.00 | 333.00 | OK | |
r-oldrel-macos-arm64 | 0.2.2 | 177.00 | OK | |||
r-oldrel-macos-x86_64 | 0.2.2 | 341.00 | OK | |||
r-oldrel-windows-x86_64 | 0.2.2 | 15.00 | 427.00 | 442.00 | OK |
Version: 0.2.2
Check: Rd cross-references
Result: NOTE
Found the following Rd file(s) with Rd \link{} targets missing package
anchors:
check_path.Rd: lavaan
index_of_mome.Rd: lavaan-class
plot.cond_indirect_effects.Rd: ggplot2
plot_effect_vs_w.Rd: ggplot2
Please provide package anchors for all Rd \link{} targets not in the
package itself and the base packages.
Flavors: r-devel-linux-x86_64-debian-clang, r-devel-linux-x86_64-debian-gcc, r-devel-windows-x86_64