Last updated on 2024-06-27 16:49:08 CEST.
Flavor | Version | Tinstall | Tcheck | Ttotal | Status | Flags |
---|---|---|---|---|---|---|
r-devel-linux-x86_64-debian-clang | 1.3.0 | OK | ||||
r-devel-linux-x86_64-debian-gcc | 1.3.0 | 3.17 | 57.78 | 60.95 | OK | |
r-devel-linux-x86_64-fedora-clang | 1.3.0 | 108.75 | NOTE | |||
r-devel-linux-x86_64-fedora-gcc | 1.3.0 | 118.50 | OK | |||
r-devel-windows-x86_64 | 1.3.0 | 5.00 | 73.00 | 78.00 | OK | |
r-patched-linux-x86_64 | 1.3.0 | 5.61 | 74.53 | 80.14 | OK | |
r-release-linux-x86_64 | 1.3.0 | 4.78 | 76.03 | 80.81 | OK | |
r-release-macos-arm64 | 1.3.0 | 40.00 | OK | |||
r-release-macos-x86_64 | 1.3.0 | 60.00 | OK | |||
r-release-windows-x86_64 | 1.3.0 | 6.00 | 74.00 | 80.00 | OK | |
r-oldrel-macos-arm64 | 1.3.0 | 41.00 | OK | |||
r-oldrel-macos-x86_64 | 1.3.0 | 55.00 | OK | |||
r-oldrel-windows-x86_64 | 1.3.0 | 6.00 | 83.00 | 89.00 | OK |
Version: 1.3.0
Check: Rd cross-references
Result: NOTE
Undeclared package ‘tibble’ in Rd xrefs
Flavor: r-devel-linux-x86_64-fedora-clang