Last updated on 2024-07-13 11:49:18 CEST.
Flavor | Version | Tinstall | Tcheck | Ttotal | Status | Flags |
---|---|---|---|---|---|---|
r-devel-linux-x86_64-debian-clang | 2.8.3 | 165.60 | 151.98 | 317.58 | OK | |
r-devel-linux-x86_64-debian-gcc | 2.8.3 | 103.58 | 121.19 | 224.77 | OK | |
r-devel-linux-x86_64-fedora-clang | 2.8.3 | 514.41 | NOTE | |||
r-devel-linux-x86_64-fedora-gcc | 2.8.3 | 474.69 | OK | |||
r-devel-windows-x86_64 | 2.8.3 | 161.00 | 440.00 | 601.00 | NOTE | |
r-patched-linux-x86_64 | 2.8.3 | 139.95 | 144.35 | 284.30 | OK | |
r-release-linux-x86_64 | 2.8.3 | 136.95 | 144.00 | 280.95 | OK | |
r-release-macos-arm64 | 2.8.3 | 109.00 | NOTE | |||
r-release-macos-x86_64 | 2.8.3 | 151.00 | NOTE | |||
r-release-windows-x86_64 | 2.8.3 | 159.00 | 459.00 | 618.00 | NOTE | |
r-oldrel-macos-arm64 | 2.8.3 | 157.00 | NOTE | |||
r-oldrel-macos-x86_64 | 2.8.3 | 289.00 | NOTE | |||
r-oldrel-windows-x86_64 | 2.8.3 | 180.00 | 528.00 | 708.00 | NOTE |
Version: 2.8.3
Check: package dependencies
Result: NOTE
Package suggested but not available for checking: ‘tesseract’
Flavor: r-devel-linux-x86_64-fedora-clang
Version: 2.8.3
Check: installed package size
Result: NOTE
installed size is 7.4Mb
sub-directories of 1Mb or more:
doc 6.3Mb
Flavors: r-devel-linux-x86_64-fedora-clang, r-devel-windows-x86_64, r-release-macos-arm64, r-release-macos-x86_64, r-release-windows-x86_64, r-oldrel-macos-arm64, r-oldrel-macos-x86_64, r-oldrel-windows-x86_64