Last updated on 2024-06-27 10:49:35 CEST.
Flavor | Version | Tinstall | Tcheck | Ttotal | Status | Flags |
---|---|---|---|---|---|---|
r-devel-linux-x86_64-debian-clang | 0.2-14 | OK | ||||
r-devel-linux-x86_64-debian-gcc | 0.2-14 | 85.27 | 46.45 | 131.72 | OK | |
r-devel-linux-x86_64-fedora-clang | 0.2-14 | 231.09 | OK | |||
r-devel-linux-x86_64-fedora-gcc | 0.2-14 | 255.91 | OK | |||
r-devel-windows-x86_64 | 0.2-14 | 109.00 | 217.00 | 326.00 | NOTE | |
r-patched-linux-x86_64 | 0.2-14 | 102.99 | 58.46 | 161.45 | OK | |
r-release-linux-x86_64 | 0.2-14 | 103.81 | 59.80 | 163.61 | OK | |
r-release-macos-arm64 | 0.2-14 | 59.00 | NOTE | |||
r-release-macos-x86_64 | 0.2-14 | 63.00 | NOTE | |||
r-release-windows-x86_64 | 0.2-14 | 110.00 | 239.00 | 349.00 | NOTE | |
r-oldrel-macos-arm64 | 0.2-14 | 69.00 | NOTE | |||
r-oldrel-macos-x86_64 | 0.2-14 | 105.00 | NOTE | |||
r-oldrel-windows-x86_64 | 0.2-14 | 133.00 | 265.00 | 398.00 | NOTE |
Version: 0.2-14
Check: installed package size
Result: NOTE
installed size is 30.6Mb
sub-directories of 1Mb or more:
gdal 3.0Mb
libs 19.0Mb
proj 8.4Mb
Flavors: r-devel-windows-x86_64, r-release-macos-arm64, r-release-macos-x86_64, r-release-windows-x86_64, r-oldrel-macos-arm64, r-oldrel-macos-x86_64, r-oldrel-windows-x86_64