Last updated on 2024-06-27 16:49:08 CEST.
Flavor | Version | Tinstall | Tcheck | Ttotal | Status | Flags |
---|---|---|---|---|---|---|
r-devel-linux-x86_64-debian-clang | 1.2 | NOTE | ||||
r-devel-linux-x86_64-debian-gcc | 1.2 | 63.58 | 28.55 | 92.13 | NOTE | |
r-devel-linux-x86_64-fedora-clang | 1.2 | 189.51 | NOTE | |||
r-devel-linux-x86_64-fedora-gcc | 1.2 | 187.75 | NOTE | |||
r-devel-windows-x86_64 | 1.2 | 67.00 | 72.00 | 139.00 | NOTE | |
r-patched-linux-x86_64 | 1.2 | 71.17 | 35.72 | 106.89 | NOTE | |
r-release-linux-x86_64 | 1.2 | 72.76 | 36.59 | 109.35 | NOTE | |
r-release-macos-arm64 | 1.2 | 38.00 | NOTE | |||
r-release-macos-x86_64 | 1.2 | 43.00 | NOTE | |||
r-release-windows-x86_64 | 1.2 | 71.00 | 75.00 | 146.00 | NOTE | |
r-oldrel-macos-arm64 | 1.2 | 47.00 | NOTE | |||
r-oldrel-macos-x86_64 | 1.2 | 77.00 | NOTE | |||
r-oldrel-windows-x86_64 | 1.2 | 84.00 | 84.00 | 168.00 | NOTE |
Version: 1.2
Check: C++ specification
Result: NOTE
Specified C++11: please drop specification unless essential
Flavors: r-devel-linux-x86_64-debian-clang, r-devel-linux-x86_64-debian-gcc, r-devel-linux-x86_64-fedora-clang, r-devel-linux-x86_64-fedora-gcc, r-devel-windows-x86_64, r-patched-linux-x86_64, r-release-linux-x86_64, r-release-macos-arm64, r-release-macos-x86_64, r-release-windows-x86_64, r-oldrel-macos-arm64, r-oldrel-macos-x86_64, r-oldrel-windows-x86_64
Version: 1.2
Check: Rd files
Result: NOTE
checkRd: (-1) StEM_pcirt.Rd:11: Lost braces; missing escapes or markup?
11 | \item{response}{N by J matrix containing {0,1,...,M-1} responses, where N is the number of respondents and J is the number of items.}
| ^
Flavors: r-devel-linux-x86_64-debian-clang, r-devel-linux-x86_64-debian-gcc, r-devel-linux-x86_64-fedora-clang, r-devel-linux-x86_64-fedora-gcc, r-devel-windows-x86_64, r-patched-linux-x86_64, r-release-linux-x86_64, r-release-macos-arm64, r-release-macos-x86_64, r-release-windows-x86_64