Last updated on 2024-07-13 11:49:18 CEST.
Flavor | Version | Tinstall | Tcheck | Ttotal | Status | Flags |
---|---|---|---|---|---|---|
r-devel-linux-x86_64-debian-clang | 0.3-3 | 16.01 | 145.84 | 161.85 | OK | |
r-devel-linux-x86_64-debian-gcc | 0.3-3 | 13.21 | 105.49 | 118.70 | OK | |
r-devel-linux-x86_64-fedora-clang | 0.3-3 | 206.48 | OK | |||
r-devel-linux-x86_64-fedora-gcc | 0.3-3 | 182.92 | OK | |||
r-devel-windows-x86_64 | 0.3-3 | 16.00 | 124.00 | 140.00 | NOTE | |
r-patched-linux-x86_64 | 0.3-3 | 20.48 | 139.90 | 160.38 | OK | |
r-release-linux-x86_64 | 0.3-3 | 10.69 | 136.10 | 146.79 | OK | |
r-release-macos-arm64 | 0.3-3 | 53.00 | OK | |||
r-release-macos-x86_64 | 0.3-3 | 89.00 | OK | |||
r-release-windows-x86_64 | 0.3-3 | 15.00 | 124.00 | 139.00 | OK | |
r-oldrel-macos-arm64 | 0.3-3 | 60.00 | OK | |||
r-oldrel-macos-x86_64 | 0.3-3 | 93.00 | OK | |||
r-oldrel-windows-x86_64 | 0.3-3 | 20.00 | 148.00 | 168.00 | OK |
Version: 0.3-3
Check: Rd cross-references
Result: NOTE
Found the following Rd file(s) with Rd \link{} targets missing package
anchors:
extract.Rd: mirt
lordif.Rd: mirt, lrm
Please provide package anchors for all Rd \link{} targets not in the
package itself and the base packages.
Flavor: r-devel-windows-x86_64