Last updated on 2024-06-21 09:55:47 CEST.
Flavor | Version | Tinstall | Tcheck | Ttotal | Status | Flags |
---|---|---|---|---|---|---|
r-devel-linux-x86_64-debian-clang | 1.0.0 | 42.58 | 441.15 | 483.73 | OK | |
r-devel-linux-x86_64-debian-gcc | 1.0.0 | 32.70 | 257.79 | 290.49 | OK | |
r-devel-linux-x86_64-fedora-clang | 1.0.0 | 621.76 | OK | |||
r-devel-linux-x86_64-fedora-gcc | 1.0.0 | 629.97 | OK | |||
r-devel-windows-x86_64 | 1.0.0 | 38.00 | 282.00 | 320.00 | OK | |
r-patched-linux-x86_64 | 1.0.0 | 41.34 | 436.79 | 478.13 | OK | |
r-release-linux-x86_64 | 1.0.0 | 44.99 | 459.58 | 504.57 | OK | |
r-release-macos-arm64 | 1.0.0 | 174.00 | NOTE | |||
r-release-macos-x86_64 | 1.0.0 | 254.00 | NOTE | |||
r-release-windows-x86_64 | 1.0.0 | 39.00 | 286.00 | 325.00 | OK | |
r-oldrel-macos-arm64 | 1.0.0 | 173.00 | NOTE | |||
r-oldrel-macos-x86_64 | 1.0.0 | 519.00 | NOTE | |||
r-oldrel-windows-x86_64 | 1.0.0 | 48.00 | 328.00 | 376.00 | OK |
Version: 1.0.0
Check: installed package size
Result: NOTE
installed size is 6.3Mb
sub-directories of 1Mb or more:
data 4.0Mb
libs 1.6Mb
Flavors: r-release-macos-arm64, r-release-macos-x86_64, r-oldrel-macos-arm64, r-oldrel-macos-x86_64