Last updated on 2024-06-27 16:49:08 CEST.
Flavor | Version | Tinstall | Tcheck | Ttotal | Status | Flags |
---|---|---|---|---|---|---|
r-devel-linux-x86_64-debian-clang | 0.3.0 | OK | ||||
r-devel-linux-x86_64-debian-gcc | 0.3.0 | 2.87 | 51.06 | 53.93 | OK | |
r-devel-linux-x86_64-fedora-clang | 0.3.0 | 90.68 | OK | |||
r-devel-linux-x86_64-fedora-gcc | 0.3.0 | 102.51 | OK | |||
r-devel-windows-x86_64 | 0.3.0 | 5.00 | 84.00 | 89.00 | NOTE | |
r-patched-linux-x86_64 | 0.3.0 | 5.15 | 65.22 | 70.37 | OK | |
r-release-linux-x86_64 | 0.3.0 | 3.84 | 65.27 | 69.11 | OK | |
r-release-macos-arm64 | 0.3.0 | 41.00 | OK | |||
r-release-macos-x86_64 | 0.3.0 | 65.00 | OK | |||
r-release-windows-x86_64 | 0.3.0 | 5.00 | 86.00 | 91.00 | NOTE | |
r-oldrel-macos-arm64 | 0.3.0 | 74.00 | OK | |||
r-oldrel-macos-x86_64 | 0.3.0 | 98.00 | OK | |||
r-oldrel-windows-x86_64 | 0.3.0 | 5.00 | 92.00 | 97.00 | NOTE |
Version: 0.3.0
Check: package dependencies
Result: NOTE
Package suggested but not available for checking: 'rsyslog'
Flavors: r-devel-windows-x86_64, r-release-windows-x86_64, r-oldrel-windows-x86_64