Last updated on 2024-07-13 11:49:17 CEST.
Flavor | Version | Tinstall | Tcheck | Ttotal | Status | Flags |
---|---|---|---|---|---|---|
r-devel-linux-x86_64-debian-clang | 2.9.7 | 258.75 | 70.06 | 328.81 | OK | |
r-devel-linux-x86_64-debian-gcc | 2.9.7 | 147.48 | 51.92 | 199.40 | OK | |
r-devel-linux-x86_64-fedora-clang | 2.9.7 | 497.74 | OK | |||
r-devel-linux-x86_64-fedora-gcc | 2.9.7 | 477.22 | OK | |||
r-devel-windows-x86_64 | 2.9.7 | 171.00 | 124.00 | 295.00 | NOTE | |
r-patched-linux-x86_64 | 2.9.7 | 184.12 | 70.22 | 254.34 | OK | |
r-release-linux-x86_64 | 2.9.7 | 187.34 | 70.77 | 258.11 | OK | |
r-release-macos-arm64 | 2.9.7 | 79.00 | OK | |||
r-release-macos-x86_64 | 2.9.7 | 87.00 | OK | |||
r-release-windows-x86_64 | 2.9.7 | 170.00 | 124.00 | 294.00 | OK | |
r-oldrel-macos-arm64 | 2.9.7 | 97.00 | OK | |||
r-oldrel-macos-x86_64 | 2.9.7 | 180.00 | OK | |||
r-oldrel-windows-x86_64 | 2.9.7 | 162.00 | 127.00 | 289.00 | OK |
Version: 2.9.7
Check: Rd cross-references
Result: NOTE
Found the following Rd file(s) with Rd \link{} targets missing package
anchors:
lm.br_internal.Rd: C++Object-class
Please provide package anchors for all Rd \link{} targets not in the
package itself and the base packages.
Flavor: r-devel-windows-x86_64