Last updated on 2024-07-13 11:49:17 CEST.
Flavor | Version | Tinstall | Tcheck | Ttotal | Status | Flags |
---|---|---|---|---|---|---|
r-devel-linux-x86_64-debian-clang | 1.0 | 8.91 | 85.44 | 94.35 | OK | |
r-devel-linux-x86_64-debian-gcc | 1.0 | 6.84 | 66.70 | 73.54 | OK | |
r-devel-linux-x86_64-fedora-clang | 1.0 | 123.32 | NOTE | |||
r-devel-linux-x86_64-fedora-gcc | 1.0 | 111.84 | NOTE | |||
r-devel-windows-x86_64 | 1.0 | 11.00 | 86.00 | 97.00 | OK | |
r-patched-linux-x86_64 | 1.0 | 7.52 | 83.15 | 90.67 | OK | |
r-release-linux-x86_64 | 1.0 | 8.55 | 83.31 | 91.86 | OK | |
r-release-macos-arm64 | 1.0 | 40.00 | OK | |||
r-release-macos-x86_64 | 1.0 | 76.00 | OK | |||
r-release-windows-x86_64 | 1.0 | 10.00 | 88.00 | 98.00 | OK | |
r-oldrel-macos-arm64 | 1.0 | 44.00 | OK | |||
r-oldrel-macos-x86_64 | 1.0 | 69.00 | OK | |||
r-oldrel-windows-x86_64 | 1.0 | 12.00 | 102.00 | 114.00 | OK |
Version: 1.0
Check: compiled code
Result: NOTE
File ‘linERR/libs/linERR.so’:
Found no calls to: ‘R_registerRoutines’, ‘R_useDynamicSymbols’
It is good practice to register native routines and to disable symbol
search.
See ‘Writing portable packages’ in the ‘Writing R Extensions’ manual.
Flavors: r-devel-linux-x86_64-fedora-clang, r-devel-linux-x86_64-fedora-gcc