Last updated on 2024-07-13 05:49:17 CEST.
Flavor | Version | Tinstall | Tcheck | Ttotal | Status | Flags |
---|---|---|---|---|---|---|
r-devel-linux-x86_64-debian-clang | 1.0.2 | 30.68 | 311.45 | 342.13 | OK | |
r-devel-linux-x86_64-debian-gcc | 1.0.2 | 22.12 | 214.96 | 237.08 | OK | |
r-devel-linux-x86_64-fedora-clang | 1.0.2 | 419.60 | NOTE | |||
r-devel-linux-x86_64-fedora-gcc | 1.0.2 | 397.37 | NOTE | |||
r-devel-windows-x86_64 | 1.0.2 | 25.00 | 184.00 | 209.00 | OK | |
r-patched-linux-x86_64 | 1.0.2 | 28.85 | 290.70 | 319.55 | OK | |
r-release-linux-x86_64 | 1.0.2 | 18.32 | 284.85 | 303.17 | OK | |
r-release-macos-arm64 | 1.0.2 | 94.00 | OK | |||
r-release-macos-x86_64 | 1.0.2 | 176.00 | OK | |||
r-release-windows-x86_64 | 1.0.2 | 25.00 | 184.00 | 209.00 | OK | |
r-oldrel-macos-arm64 | 1.0.2 | 97.00 | OK | |||
r-oldrel-macos-x86_64 | 1.0.2 | 220.00 | OK | |||
r-oldrel-windows-x86_64 | 1.0.2 | 33.00 | 244.00 | 277.00 | OK |
Version: 1.0.2
Check: dependencies in R code
Result: NOTE
Namespace in Imports field not imported from: ‘knitr’
All declared Imports should be used.
Flavors: r-devel-linux-x86_64-fedora-clang, r-devel-linux-x86_64-fedora-gcc