Last updated on 2024-07-13 11:49:17 CEST.
Flavor | Version | Tinstall | Tcheck | Ttotal | Status | Flags |
---|---|---|---|---|---|---|
r-devel-linux-x86_64-debian-clang | 0.1.0 | 4.87 | 69.37 | 74.24 | OK | |
r-devel-linux-x86_64-debian-gcc | 0.1.0 | 4.06 | 53.15 | 57.21 | OK | |
r-devel-linux-x86_64-fedora-clang | 0.1.0 | 96.63 | NOTE | |||
r-devel-linux-x86_64-fedora-gcc | 0.1.0 | 103.05 | OK | |||
r-devel-windows-x86_64 | 0.1.0 | 7.00 | 75.00 | 82.00 | NOTE | |
r-patched-linux-x86_64 | 0.1.0 | 3.82 | 68.58 | 72.40 | OK | |
r-release-linux-x86_64 | 0.1.0 | 3.24 | 67.67 | 70.91 | OK | |
r-release-macos-arm64 | 0.1.0 | 41.00 | NOTE | |||
r-release-macos-x86_64 | 0.1.0 | 54.00 | NOTE | |||
r-release-windows-x86_64 | 0.1.0 | 7.00 | 75.00 | 82.00 | NOTE | |
r-oldrel-macos-arm64 | 0.1.0 | 42.00 | NOTE | |||
r-oldrel-macos-x86_64 | 0.1.0 | 108.00 | NOTE | |||
r-oldrel-windows-x86_64 | 0.1.0 | 9.00 | 85.00 | 94.00 | NOTE |
Version: 0.1.0
Check: installed package size
Result: NOTE
installed size is 6.2Mb
sub-directories of 1Mb or more:
doc 5.9Mb
Flavors: r-devel-linux-x86_64-fedora-clang, r-devel-windows-x86_64, r-release-macos-arm64, r-release-macos-x86_64, r-release-windows-x86_64, r-oldrel-macos-arm64, r-oldrel-macos-x86_64, r-oldrel-windows-x86_64