Last updated on 2024-07-13 11:49:17 CEST.
Flavor | Version | Tinstall | Tcheck | Ttotal | Status | Flags |
---|---|---|---|---|---|---|
r-devel-linux-x86_64-debian-clang | 2.2.0 | 88.28 | 148.33 | 236.61 | NOTE | |
r-devel-linux-x86_64-debian-gcc | 2.2.0 | 55.57 | 107.56 | 163.13 | NOTE | |
r-devel-linux-x86_64-fedora-clang | 2.2.0 | 323.15 | NOTE | |||
r-devel-linux-x86_64-fedora-gcc | 2.2.0 | 317.40 | NOTE | |||
r-devel-windows-x86_64 | 2.2.0 | 70.00 | 155.00 | 225.00 | NOTE | |
r-patched-linux-x86_64 | 2.2.0 | 68.97 | 144.39 | 213.36 | NOTE | |
r-release-linux-x86_64 | 2.2.0 | 68.32 | 142.54 | 210.86 | NOTE | |
r-release-macos-arm64 | 2.2.0 | 79.00 | NOTE | |||
r-release-macos-x86_64 | 2.2.0 | 112.00 | NOTE | |||
r-release-windows-x86_64 | 2.2.0 | 67.00 | 155.00 | 222.00 | NOTE | |
r-oldrel-macos-arm64 | 2.2.0 | 88.00 | NOTE | |||
r-oldrel-macos-x86_64 | 2.2.0 | 135.00 | NOTE | |||
r-oldrel-windows-x86_64 | 2.2.0 | 82.00 | 191.00 | 273.00 | NOTE |
Version: 2.2.0
Check: C++ specification
Result: NOTE
Specified C++11: please drop specification unless essential
Flavors: r-devel-linux-x86_64-debian-clang, r-devel-linux-x86_64-debian-gcc, r-devel-linux-x86_64-fedora-clang, r-devel-linux-x86_64-fedora-gcc, r-devel-windows-x86_64, r-patched-linux-x86_64, r-release-linux-x86_64, r-release-macos-arm64, r-release-macos-x86_64, r-release-windows-x86_64, r-oldrel-macos-arm64, r-oldrel-macos-x86_64, r-oldrel-windows-x86_64
Version: 2.2.0
Check: package dependencies
Result: NOTE
Package suggested but not available for checking: 'doMC'
Flavors: r-devel-windows-x86_64, r-release-windows-x86_64, r-oldrel-windows-x86_64