Last updated on 2024-06-27 16:49:07 CEST.
Flavor | Version | Tinstall | Tcheck | Ttotal | Status | Flags |
---|---|---|---|---|---|---|
r-devel-linux-x86_64-debian-clang | 0.1.0 | OK | ||||
r-devel-linux-x86_64-debian-gcc | 0.1.0 | 1.91 | 16.57 | 18.48 | OK | |
r-devel-linux-x86_64-fedora-clang | 0.1.0 | 30.57 | NOTE | |||
r-devel-linux-x86_64-fedora-gcc | 0.1.0 | 29.66 | NOTE | |||
r-devel-windows-x86_64 | 0.1.0 | 3.00 | 36.00 | 39.00 | OK | |
r-patched-linux-x86_64 | 0.1.0 | 2.14 | 20.70 | 22.84 | OK | |
r-release-linux-x86_64 | 0.1.0 | 2.36 | 20.81 | 23.17 | OK | |
r-release-macos-arm64 | 0.1.0 | 14.00 | OK | |||
r-release-macos-x86_64 | 0.1.0 | 20.00 | OK | |||
r-release-windows-x86_64 | 0.1.0 | 4.00 | 36.00 | 40.00 | OK | |
r-oldrel-macos-arm64 | 0.1.0 | 15.00 | OK | |||
r-oldrel-macos-x86_64 | 0.1.0 | 21.00 | OK | |||
r-oldrel-windows-x86_64 | 0.1.0 | 4.00 | 38.00 | 42.00 | OK |
Version: 0.1.0
Check: data for non-ASCII characters
Result: NOTE
Note: found 3 marked UTF-8 strings
Flavors: r-devel-linux-x86_64-fedora-clang, r-devel-linux-x86_64-fedora-gcc