Last updated on 2024-07-13 11:49:17 CEST.
Flavor | Version | Tinstall | Tcheck | Ttotal | Status | Flags |
---|---|---|---|---|---|---|
r-devel-linux-x86_64-debian-clang | 0.4.3.1 | 11.56 | 156.21 | 167.77 | OK | |
r-devel-linux-x86_64-debian-gcc | 0.4.3.1 | 9.33 | 114.88 | 124.21 | OK | |
r-devel-linux-x86_64-fedora-clang | 0.4.3.1 | 215.81 | NOTE | |||
r-devel-linux-x86_64-fedora-gcc | 0.4.3.1 | 216.58 | OK | |||
r-devel-windows-x86_64 | 0.4.3.1 | 89.00 | 691.00 | 780.00 | NOTE | |
r-patched-linux-x86_64 | 0.4.3.1 | 11.61 | 149.65 | 161.26 | OK | |
r-release-linux-x86_64 | 0.4.3.1 | 12.88 | 145.81 | 158.69 | OK | |
r-release-macos-arm64 | 0.4.3.1 | 64.00 | NOTE | |||
r-release-macos-x86_64 | 0.4.3.1 | 96.00 | NOTE | |||
r-release-windows-x86_64 | 0.4.3.1 | 92.00 | 698.00 | 790.00 | NOTE | |
r-oldrel-macos-arm64 | 0.4.3.1 | 66.00 | NOTE | |||
r-oldrel-macos-x86_64 | 0.4.3.1 | 214.00 | NOTE | |||
r-oldrel-windows-x86_64 | 0.4.3.1 | 49.00 | 397.00 | 446.00 | NOTE |
Version: 0.4.3.1
Check: installed package size
Result: NOTE
installed size is 5.5Mb
sub-directories of 1Mb or more:
doc 5.3Mb
Flavors: r-devel-linux-x86_64-fedora-clang, r-devel-windows-x86_64, r-release-macos-arm64, r-release-macos-x86_64, r-release-windows-x86_64, r-oldrel-macos-arm64, r-oldrel-macos-x86_64, r-oldrel-windows-x86_64