Last updated on 2024-06-27 16:49:07 CEST.
Flavor | Version | Tinstall | Tcheck | Ttotal | Status | Flags |
---|---|---|---|---|---|---|
r-devel-linux-x86_64-debian-clang | 2.0.0 | OK | ||||
r-devel-linux-x86_64-debian-gcc | 2.0.0 | 2.11 | 25.21 | 27.32 | OK | |
r-devel-linux-x86_64-fedora-clang | 2.0.0 | 44.23 | OK | |||
r-devel-linux-x86_64-fedora-gcc | 2.0.0 | 41.81 | OK | |||
r-devel-windows-x86_64 | 2.0.0 | 4.00 | 52.00 | 56.00 | OK | |
r-patched-linux-x86_64 | 2.0.0 | 2.32 | 31.24 | 33.56 | OK | |
r-release-linux-x86_64 | 2.0.0 | 2.08 | 31.31 | 33.39 | OK | |
r-release-macos-arm64 | 2.0.0 | 21.00 | NOTE | |||
r-release-macos-x86_64 | 2.0.0 | 46.00 | OK | |||
r-release-windows-x86_64 | 2.0.0 | 4.00 | 53.00 | 57.00 | OK | |
r-oldrel-macos-arm64 | 2.0.0 | 23.00 | OK | |||
r-oldrel-macos-x86_64 | 2.0.0 | 45.00 | OK | |||
r-oldrel-windows-x86_64 | 2.0.0 | 4.00 | 53.00 | 57.00 | OK |
Version: 2.0.0
Check: package dependencies
Result: NOTE
Package suggested but not available for checking: ‘V8’
Flavor: r-release-macos-arm64