Last updated on 2024-06-27 16:49:07 CEST.
Flavor | Version | Tinstall | Tcheck | Ttotal | Status | Flags |
---|---|---|---|---|---|---|
r-devel-linux-x86_64-debian-clang | 0.5.2 | OK | ||||
r-devel-linux-x86_64-debian-gcc | 0.5.2 | 385.36 | 71.02 | 456.38 | OK | |
r-devel-linux-x86_64-fedora-clang | 0.5.2 | 942.08 | OK | |||
r-devel-linux-x86_64-fedora-gcc | 0.5.2 | 1005.58 | OK | |||
r-devel-windows-x86_64 | 0.5.2 | 436.00 | 145.00 | 581.00 | OK | |
r-patched-linux-x86_64 | 0.5.2 | 441.81 | 91.27 | 533.08 | OK | |
r-release-linux-x86_64 | 0.5.2 | 443.76 | 89.86 | 533.62 | OK | |
r-release-macos-arm64 | 0.5.2 | 177.00 | NOTE | |||
r-release-macos-x86_64 | 0.5.2 | 163.00 | NOTE | |||
r-release-windows-x86_64 | 0.5.2 | 447.00 | 146.00 | 593.00 | OK | |
r-oldrel-macos-arm64 | 0.5.2 | 198.00 | NOTE | |||
r-oldrel-macos-x86_64 | 0.5.2 | 222.00 | NOTE | |||
r-oldrel-windows-x86_64 | 0.5.2 | 529.00 | 169.00 | 698.00 | OK |
Version: 0.5.2
Check: installed package size
Result: NOTE
installed size is 26.2Mb
sub-directories of 1Mb or more:
libs 24.8Mb
Flavors: r-release-macos-arm64, r-release-macos-x86_64, r-oldrel-macos-arm64, r-oldrel-macos-x86_64