Last updated on 2024-06-27 16:49:07 CEST.
Flavor | Version | Tinstall | Tcheck | Ttotal | Status | Flags |
---|---|---|---|---|---|---|
r-devel-linux-x86_64-debian-clang | 0.8.1 | OK | ||||
r-devel-linux-x86_64-debian-gcc | 0.8.1 | 4.71 | 55.97 | 60.68 | OK | |
r-devel-linux-x86_64-fedora-clang | 0.8.1 | 101.27 | NOTE | |||
r-devel-linux-x86_64-fedora-gcc | 0.8.1 | 107.76 | OK | |||
r-devel-windows-x86_64 | 0.8.1 | 7.00 | 79.00 | 86.00 | NOTE | |
r-patched-linux-x86_64 | 0.8.1 | 4.62 | 69.37 | 73.99 | OK | |
r-release-linux-x86_64 | 0.8.1 | 5.14 | 71.23 | 76.37 | OK | |
r-release-macos-arm64 | 0.8.1 | 43.00 | NOTE | |||
r-release-macos-x86_64 | 0.8.1 | 62.00 | NOTE | |||
r-release-windows-x86_64 | 0.8.1 | 8.00 | 79.00 | 87.00 | NOTE | |
r-oldrel-macos-arm64 | 0.8.1 | 46.00 | NOTE | |||
r-oldrel-macos-x86_64 | 0.8.1 | 81.00 | NOTE | |||
r-oldrel-windows-x86_64 | 0.8.1 | 9.00 | 91.00 | 100.00 | NOTE |
Version: 0.8.1
Check: installed package size
Result: NOTE
installed size is 6.5Mb
sub-directories of 1Mb or more:
doc 6.4Mb
Flavors: r-devel-linux-x86_64-fedora-clang, r-devel-windows-x86_64, r-release-macos-arm64, r-release-macos-x86_64, r-release-windows-x86_64, r-oldrel-macos-arm64, r-oldrel-macos-x86_64, r-oldrel-windows-x86_64