Last updated on 2024-06-21 09:55:46 CEST.
Flavor | Version | Tinstall | Tcheck | Ttotal | Status | Flags |
---|---|---|---|---|---|---|
r-devel-linux-x86_64-debian-clang | 1.2.4 | 2.86 | 35.28 | 38.14 | NOTE | |
r-devel-linux-x86_64-debian-gcc | 1.2.4 | 2.28 | 26.90 | 29.18 | NOTE | |
r-devel-linux-x86_64-fedora-clang | 1.2.4 | 48.22 | NOTE | |||
r-devel-linux-x86_64-fedora-gcc | 1.2.4 | 58.51 | NOTE | |||
r-devel-windows-x86_64 | 1.2.4 | 4.00 | 49.00 | 53.00 | NOTE | |
r-patched-linux-x86_64 | 1.2.4 | 2.22 | 33.79 | 36.01 | NOTE | |
r-release-linux-x86_64 | 1.2.4 | 2.70 | 34.00 | 36.70 | NOTE | |
r-release-macos-arm64 | 1.2.4 | 26.00 | NOTE | |||
r-release-macos-x86_64 | 1.2.4 | 43.00 | NOTE | |||
r-release-windows-x86_64 | 1.2.4 | 4.00 | 74.00 | 78.00 | NOTE | |
r-oldrel-macos-arm64 | 1.2.4 | 24.00 | NOTE | |||
r-oldrel-macos-x86_64 | 1.2.4 | 38.00 | NOTE | |||
r-oldrel-windows-x86_64 | 1.2.4 | 5.00 | 55.00 | 60.00 | NOTE |
Version: 1.2.4
Check: LazyData
Result: NOTE
'LazyData' is specified without a 'data' directory
Flavors: r-devel-linux-x86_64-debian-clang, r-devel-linux-x86_64-debian-gcc, r-devel-linux-x86_64-fedora-clang, r-devel-linux-x86_64-fedora-gcc, r-devel-windows-x86_64, r-patched-linux-x86_64, r-release-linux-x86_64, r-release-macos-arm64, r-release-macos-x86_64, r-release-windows-x86_64, r-oldrel-macos-arm64, r-oldrel-macos-x86_64, r-oldrel-windows-x86_64