Last updated on 2024-06-27 10:49:34 CEST.
Flavor | Version | Tinstall | Tcheck | Ttotal | Status | Flags |
---|---|---|---|---|---|---|
r-devel-linux-x86_64-debian-clang | 0.2 | OK | ||||
r-devel-linux-x86_64-debian-gcc | 0.2 | 16.48 | 158.98 | 175.46 | OK | |
r-devel-linux-x86_64-fedora-clang | 0.2 | 304.18 | NOTE | |||
r-devel-linux-x86_64-fedora-gcc | 0.2 | 281.87 | OK | |||
r-devel-windows-x86_64 | 0.2 | 19.00 | 130.00 | 149.00 | OK | |
r-patched-linux-x86_64 | 0.2 | 21.29 | 213.22 | 234.51 | OK | |
r-release-linux-x86_64 | 0.2 | 17.86 | 218.95 | 236.81 | OK | |
r-release-macos-arm64 | 0.2 | 61.00 | OK | |||
r-release-macos-x86_64 | 0.2 | 110.00 | OK | |||
r-release-windows-x86_64 | 0.2 | 18.00 | 132.00 | 150.00 | OK | |
r-oldrel-macos-arm64 | 0.2 | 143.00 | OK | |||
r-oldrel-macos-x86_64 | 0.2 | 187.00 | OK | |||
r-oldrel-windows-x86_64 | 0.2 | 25.00 | 176.00 | 201.00 | OK |
Version: 0.2
Check: Rd cross-references
Result: NOTE
Undeclared package ‘raster’ in Rd xrefs
Flavor: r-devel-linux-x86_64-fedora-clang