Last updated on 2024-06-27 16:49:07 CEST.
Flavor | Version | Tinstall | Tcheck | Ttotal | Status | Flags |
---|---|---|---|---|---|---|
r-devel-linux-x86_64-debian-clang | 0.1.6 | NOTE | ||||
r-devel-linux-x86_64-debian-gcc | 0.1.6 | 21.55 | 24.37 | 45.92 | NOTE | |
r-devel-linux-x86_64-fedora-clang | 0.1.6 | 96.76 | NOTE | |||
r-devel-linux-x86_64-fedora-gcc | 0.1.6 | 101.48 | NOTE | |||
r-devel-windows-x86_64 | 0.1.6 | 30.00 | 65.00 | 95.00 | NOTE | |
r-patched-linux-x86_64 | 0.1.6 | 32.27 | 30.31 | 62.58 | NOTE | |
r-release-linux-x86_64 | 0.1.6 | 32.87 | 31.07 | 63.94 | NOTE | |
r-release-macos-arm64 | 0.1.6 | 26.00 | NOTE | |||
r-release-macos-x86_64 | 0.1.6 | 35.00 | NOTE | |||
r-release-windows-x86_64 | 0.1.6 | 30.00 | 67.00 | 97.00 | NOTE | |
r-oldrel-macos-arm64 | 0.1.6 | 30.00 | NOTE | |||
r-oldrel-macos-x86_64 | 0.1.6 | 44.00 | NOTE | |||
r-oldrel-windows-x86_64 | 0.1.6 | 37.00 | 73.00 | 110.00 | NOTE |
Version: 0.1.6
Check: LazyData
Result: NOTE
'LazyData' is specified without a 'data' directory
Flavors: r-devel-linux-x86_64-debian-clang, r-devel-linux-x86_64-debian-gcc, r-devel-linux-x86_64-fedora-clang, r-devel-linux-x86_64-fedora-gcc, r-devel-windows-x86_64, r-patched-linux-x86_64, r-release-linux-x86_64, r-release-macos-arm64, r-release-macos-x86_64, r-release-windows-x86_64, r-oldrel-macos-arm64, r-oldrel-macos-x86_64, r-oldrel-windows-x86_64