Last updated on 2024-06-27 16:49:07 CEST.
Flavor | Version | Tinstall | Tcheck | Ttotal | Status | Flags |
---|---|---|---|---|---|---|
r-devel-linux-x86_64-debian-clang | 1.0.3 | OK | ||||
r-devel-linux-x86_64-debian-gcc | 1.0.3 | 15.56 | 47.58 | 63.14 | OK | |
r-devel-linux-x86_64-fedora-clang | 1.0.3 | 114.94 | NOTE | |||
r-devel-linux-x86_64-fedora-gcc | 1.0.3 | 119.75 | OK | |||
r-devel-windows-x86_64 | 1.0.3 | 19.00 | 69.00 | 88.00 | OK | |
r-patched-linux-x86_64 | 1.0.3 | 20.39 | 63.77 | 84.16 | OK | |
r-release-linux-x86_64 | 1.0.3 | 16.40 | 62.74 | 79.14 | OK | |
r-release-macos-arm64 | 1.0.3 | 37.00 | OK | |||
r-release-macos-x86_64 | 1.0.3 | 56.00 | OK | |||
r-release-windows-x86_64 | 1.0.3 | 19.00 | 71.00 | 90.00 | OK | |
r-oldrel-macos-arm64 | 1.0.3 | 59.00 | OK | |||
r-oldrel-macos-x86_64 | 1.0.3 | 131.00 | OK | |||
r-oldrel-windows-x86_64 | 1.0.3 | 18.00 | 80.00 | 98.00 | OK |
Version: 1.0.3
Check: installed package size
Result: NOTE
installed size is 5.8Mb
sub-directories of 1Mb or more:
libs 5.0Mb
Flavor: r-devel-linux-x86_64-fedora-clang