Last updated on 2024-07-13 05:49:16 CEST.
Flavor | Version | Tinstall | Tcheck | Ttotal | Status | Flags |
---|---|---|---|---|---|---|
r-devel-linux-x86_64-debian-clang | 1.0-4 | 28.00 | 277.37 | 305.37 | NOTE | |
r-devel-linux-x86_64-debian-gcc | 1.0-4 | 25.18 | 197.13 | 222.31 | NOTE | |
r-devel-linux-x86_64-fedora-clang | 1.0-4 | 381.71 | NOTE | |||
r-devel-linux-x86_64-fedora-gcc | 1.0-4 | 355.27 | NOTE | |||
r-devel-windows-x86_64 | 1.0-4 | 25.00 | 167.00 | 192.00 | NOTE | |
r-patched-linux-x86_64 | 1.0-4 | 25.51 | 264.65 | 290.16 | NOTE | |
r-release-linux-x86_64 | 1.0-4 | 31.06 | 249.64 | 280.70 | NOTE | |
r-release-macos-arm64 | 1.0-4 | 78.00 | NOTE | |||
r-release-macos-x86_64 | 1.0-4 | 146.00 | NOTE | |||
r-release-windows-x86_64 | 1.0-4 | 26.00 | 169.00 | 195.00 | NOTE | |
r-oldrel-macos-arm64 | 1.0-4 | 83.00 | OK | |||
r-oldrel-macos-x86_64 | 1.0-4 | 158.00 | OK | |||
r-oldrel-windows-x86_64 | 1.0-4 | 35.00 | 227.00 | 262.00 | OK |
Version: 1.0-4
Check: Rd files
Result: NOTE
checkRd: (-1) kissmig.Rd:32: Lost braces
32 | migration in species distribution models (\doi{10.1111/ecog.00930}{Nobis and Normand 2014}).
| ^
checkRd: (-1) kissmig.Rd:86: Lost braces
86 | \item{\doi{10.1111/ecog.00930}{Nobis MP and Normand S (2014)} KISSMig - a simple model for R to account for
| ^
Flavors: r-devel-linux-x86_64-debian-clang, r-devel-linux-x86_64-debian-gcc, r-devel-linux-x86_64-fedora-clang, r-devel-linux-x86_64-fedora-gcc, r-devel-windows-x86_64, r-patched-linux-x86_64, r-release-linux-x86_64, r-release-macos-arm64, r-release-macos-x86_64, r-release-windows-x86_64