Last updated on 2024-07-13 11:49:17 CEST.
Flavor | Version | Tinstall | Tcheck | Ttotal | Status | Flags |
---|---|---|---|---|---|---|
r-devel-linux-x86_64-debian-clang | 1.0.0 | 8.70 | 266.17 | 274.87 | NOTE | |
r-devel-linux-x86_64-debian-gcc | 1.0.0 | 6.63 | 197.84 | 204.47 | NOTE | |
r-devel-linux-x86_64-fedora-clang | 1.0.0 | 340.79 | NOTE | |||
r-devel-linux-x86_64-fedora-gcc | 1.0.0 | 342.61 | NOTE | |||
r-devel-windows-x86_64 | 1.0.0 | 9.00 | 241.00 | 250.00 | NOTE | |
r-patched-linux-x86_64 | 1.0.0 | 6.94 | 269.79 | 276.73 | NOTE | |
r-release-linux-x86_64 | 1.0.0 | 7.58 | 252.75 | 260.33 | NOTE | |
r-release-macos-arm64 | 1.0.0 | 77.00 | NOTE | |||
r-release-macos-x86_64 | 1.0.0 | 119.00 | NOTE | |||
r-release-windows-x86_64 | 1.0.0 | 8.00 | 237.00 | 245.00 | NOTE | |
r-oldrel-macos-arm64 | 1.0.0 | 86.00 | OK | |||
r-oldrel-macos-x86_64 | 1.0.0 | 144.00 | OK | |||
r-oldrel-windows-x86_64 | 1.0.0 | 10.00 | 237.00 | 247.00 | OK |
Version: 1.0.0
Check: Rd files
Result: NOTE
checkRd: (-1) kfino_plot.Rd:52: Lost braces; missing escapes or markup?
52 | plus the OK values. Prediction corresponds to E[X_{t} | Y_{1...t}]
| ^
checkRd: (-1) kfino_plot.Rd:52: Lost braces; missing escapes or markup?
52 | plus the OK values. Prediction corresponds to E[X_{t} | Y_{1...t}]
| ^
Flavors: r-devel-linux-x86_64-debian-clang, r-devel-linux-x86_64-debian-gcc, r-devel-linux-x86_64-fedora-clang, r-devel-linux-x86_64-fedora-gcc, r-devel-windows-x86_64, r-patched-linux-x86_64, r-release-linux-x86_64, r-release-macos-arm64, r-release-macos-x86_64, r-release-windows-x86_64