Last updated on 2024-06-27 16:49:07 CEST.
Flavor | Version | Tinstall | Tcheck | Ttotal | Status | Flags |
---|---|---|---|---|---|---|
r-devel-linux-x86_64-debian-clang | 0.5.0 | OK | ||||
r-devel-linux-x86_64-debian-gcc | 0.5.0 | 2.24 | 26.66 | 28.90 | OK | |
r-devel-linux-x86_64-fedora-clang | 0.5.0 | 50.69 | NOTE | |||
r-devel-linux-x86_64-fedora-gcc | 0.5.0 | 46.83 | OK | |||
r-devel-windows-x86_64 | 0.5.0 | 3.00 | 49.00 | 52.00 | OK | |
r-patched-linux-x86_64 | 0.5.0 | 2.84 | 34.93 | 37.77 | OK | |
r-release-linux-x86_64 | 0.5.0 | 2.74 | 34.83 | 37.57 | OK | |
r-release-macos-arm64 | 0.5.0 | 20.00 | OK | |||
r-release-macos-x86_64 | 0.5.0 | 31.00 | OK | |||
r-release-windows-x86_64 | 0.5.0 | 3.00 | 50.00 | 53.00 | OK | |
r-oldrel-macos-arm64 | 0.5.0 | 24.00 | OK | |||
r-oldrel-macos-x86_64 | 0.5.0 | 49.00 | OK | |||
r-oldrel-windows-x86_64 | 0.5.0 | 4.00 | 54.00 | 58.00 | OK |
Version: 0.5.0
Check: Rd cross-references
Result: NOTE
Undeclared package ‘gam’ in Rd xrefs
Flavor: r-devel-linux-x86_64-fedora-clang