Last updated on 2024-06-27 16:49:07 CEST.
Flavor | Version | Tinstall | Tcheck | Ttotal | Status | Flags |
---|---|---|---|---|---|---|
r-devel-linux-x86_64-debian-clang | 2.1.1 | OK | ||||
r-devel-linux-x86_64-debian-gcc | 2.1.1 | 29.78 | 27.05 | 56.83 | OK | |
r-devel-linux-x86_64-fedora-clang | 2.1.1 | 100.92 | OK | |||
r-devel-linux-x86_64-fedora-gcc | 2.1.1 | 112.16 | OK | |||
r-devel-windows-x86_64 | 2.1.1 | 32.00 | 67.00 | 99.00 | OK | |
r-patched-linux-x86_64 | 2.1.1 | 39.91 | 34.14 | 74.05 | OK | |
r-release-linux-x86_64 | 2.1.1 | 42.77 | 34.89 | 77.66 | OK | |
r-release-macos-arm64 | 2.1.1 | 29.00 | NOTE | |||
r-release-macos-x86_64 | 2.1.1 | 50.00 | NOTE | |||
r-release-windows-x86_64 | 2.1.1 | 30.00 | 69.00 | 99.00 | OK | |
r-oldrel-macos-arm64 | 2.1.1 | 32.00 | NOTE | |||
r-oldrel-macos-x86_64 | 2.1.1 | 47.00 | NOTE | |||
r-oldrel-windows-x86_64 | 2.1.1 | 33.00 | 76.00 | 109.00 | OK |
Version: 2.1.1
Check: installed package size
Result: NOTE
installed size is 5.7Mb
sub-directories of 1Mb or more:
libs 4.7Mb
Flavors: r-release-macos-arm64, r-release-macos-x86_64, r-oldrel-macos-arm64, r-oldrel-macos-x86_64