Last updated on 2024-07-13 11:49:16 CEST.
Flavor | Version | Tinstall | Tcheck | Ttotal | Status | Flags |
---|---|---|---|---|---|---|
r-devel-linux-x86_64-debian-clang | 0.4.0 | 11.04 | 74.05 | 85.09 | OK | |
r-devel-linux-x86_64-debian-gcc | 0.4.0 | 8.93 | 56.14 | 65.07 | OK | |
r-devel-linux-x86_64-fedora-clang | 0.4.0 | 106.09 | NOTE | |||
r-devel-linux-x86_64-fedora-gcc | 0.4.0 | 97.81 | NOTE | |||
r-devel-windows-x86_64 | 0.4.0 | 10.00 | 72.00 | 82.00 | OK | |
r-patched-linux-x86_64 | 0.4.0 | 10.48 | 70.73 | 81.21 | OK | |
r-release-linux-x86_64 | 0.4.0 | 6.63 | 70.34 | 76.97 | OK | |
r-release-macos-arm64 | 0.4.0 | 36.00 | OK | |||
r-release-macos-x86_64 | 0.4.0 | 52.00 | OK | |||
r-release-windows-x86_64 | 0.4.0 | 11.00 | 73.00 | 84.00 | OK | |
r-oldrel-macos-arm64 | 0.4.0 | 43.00 | OK | |||
r-oldrel-macos-x86_64 | 0.4.0 | 81.00 | OK | |||
r-oldrel-windows-x86_64 | 0.4.0 | 13.00 | 82.00 | 95.00 | OK |
Version: 0.4.0
Check: data for non-ASCII characters
Result: NOTE
Note: found 1064460 marked UTF-8 strings
Flavors: r-devel-linux-x86_64-fedora-clang, r-devel-linux-x86_64-fedora-gcc