Last updated on 2024-06-27 16:49:07 CEST.
Flavor | Version | Tinstall | Tcheck | Ttotal | Status | Flags |
---|---|---|---|---|---|---|
r-devel-linux-x86_64-debian-clang | 1.5 | OK | ||||
r-devel-linux-x86_64-debian-gcc | 1.5 | 135.66 | 26.47 | 162.13 | OK | |
r-devel-linux-x86_64-fedora-clang | 1.5 | 332.80 | OK | |||
r-devel-linux-x86_64-fedora-gcc | 1.5 | 387.55 | OK | |||
r-devel-windows-x86_64 | 1.5 | 146.00 | 82.00 | 228.00 | OK | |
r-patched-linux-x86_64 | 1.5 | 151.83 | 32.87 | 184.70 | OK | |
r-release-linux-x86_64 | 1.5 | 162.65 | 33.90 | 196.55 | OK | |
r-release-macos-arm64 | 1.5 | 76.00 | NOTE | |||
r-release-macos-x86_64 | 1.5 | 79.00 | NOTE | |||
r-release-windows-x86_64 | 1.5 | 148.00 | 85.00 | 233.00 | OK | |
r-oldrel-macos-arm64 | 1.5 | 85.00 | NOTE | |||
r-oldrel-macos-x86_64 | 1.5 | 146.00 | NOTE | |||
r-oldrel-windows-x86_64 | 1.5 | 143.00 | 93.00 | 236.00 | OK |
Version: 1.5
Check: installed package size
Result: NOTE
installed size is 12.9Mb
sub-directories of 1Mb or more:
libs 12.6Mb
Flavors: r-release-macos-arm64, r-release-macos-x86_64, r-oldrel-macos-arm64, r-oldrel-macos-x86_64