Last updated on 2024-07-13 11:49:16 CEST.
Flavor | Version | Tinstall | Tcheck | Ttotal | Status | Flags |
---|---|---|---|---|---|---|
r-devel-linux-x86_64-debian-clang | 1.5.2 | 191.25 | 34.75 | 226.00 | OK | |
r-devel-linux-x86_64-debian-gcc | 1.5.2 | 137.11 | 26.80 | 163.91 | OK | |
r-devel-linux-x86_64-fedora-clang | 1.5.2 | 346.99 | OK | |||
r-devel-linux-x86_64-fedora-gcc | 1.5.2 | 386.66 | OK | |||
r-devel-windows-x86_64 | 1.5.2 | 145.00 | 78.00 | 223.00 | OK | |
r-patched-linux-x86_64 | 1.5.2 | 164.26 | 33.26 | 197.52 | OK | |
r-release-linux-x86_64 | 1.5.2 | 164.31 | 33.11 | 197.42 | OK | |
r-release-macos-arm64 | 1.5.2 | 96.00 | NOTE | |||
r-release-macos-x86_64 | 1.5.2 | 143.00 | NOTE | |||
r-release-windows-x86_64 | 1.5.2 | 150.00 | 86.00 | 236.00 | OK | |
r-oldrel-macos-arm64 | 1.5.2 | 85.00 | NOTE | |||
r-oldrel-macos-x86_64 | 1.5.2 | 127.00 | NOTE | |||
r-oldrel-windows-x86_64 | 1.5.2 | 140.00 | 93.00 | 233.00 | OK |
Version: 1.5.2
Check: installed package size
Result: NOTE
installed size is 12.8Mb
sub-directories of 1Mb or more:
libs 12.5Mb
Flavors: r-release-macos-arm64, r-release-macos-x86_64, r-oldrel-macos-arm64, r-oldrel-macos-x86_64