Last updated on 2024-06-27 16:49:07 CEST.
Flavor | Version | Tinstall | Tcheck | Ttotal | Status | Flags |
---|---|---|---|---|---|---|
r-devel-linux-x86_64-debian-clang | 0.2.1 | OK | ||||
r-devel-linux-x86_64-debian-gcc | 0.2.1 | 9.37 | 73.45 | 82.82 | OK | |
r-devel-linux-x86_64-fedora-clang | 0.2.1 | 135.09 | NOTE | |||
r-devel-linux-x86_64-fedora-gcc | 0.2.1 | 132.01 | NOTE | |||
r-devel-windows-x86_64 | 0.2.1 | 11.00 | 87.00 | 98.00 | OK | |
r-patched-linux-x86_64 | 0.2.1 | 10.59 | 96.02 | 106.61 | OK | |
r-release-linux-x86_64 | 0.2.1 | 7.39 | 97.36 | 104.75 | OK | |
r-release-macos-arm64 | 0.2.1 | 41.00 | OK | |||
r-release-macos-x86_64 | 0.2.1 | 88.00 | OK | |||
r-release-windows-x86_64 | 0.2.1 | 12.00 | 90.00 | 102.00 | OK | |
r-oldrel-macos-arm64 | 0.2.1 | 48.00 | OK | |||
r-oldrel-macos-x86_64 | 0.2.1 | 92.00 | OK | |||
r-oldrel-windows-x86_64 | 0.2.1 | 14.00 | 103.00 | 117.00 | OK |
Version: 0.2.1
Check: data for non-ASCII characters
Result: NOTE
Note: found 16777 marked UTF-8 strings
Flavors: r-devel-linux-x86_64-fedora-clang, r-devel-linux-x86_64-fedora-gcc