Last updated on 2024-07-13 11:49:16 CEST.
Flavor | Version | Tinstall | Tcheck | Ttotal | Status | Flags |
---|---|---|---|---|---|---|
r-devel-linux-x86_64-debian-clang | 0.2.1 | 11.94 | 97.78 | 109.72 | OK | |
r-devel-linux-x86_64-debian-gcc | 0.2.1 | 9.08 | 72.95 | 82.03 | OK | |
r-devel-linux-x86_64-fedora-clang | 0.2.1 | 135.09 | NOTE | |||
r-devel-linux-x86_64-fedora-gcc | 0.2.1 | 129.06 | NOTE | |||
r-devel-windows-x86_64 | 0.2.1 | 12.00 | 89.00 | 101.00 | OK | |
r-patched-linux-x86_64 | 0.2.1 | 11.49 | 96.24 | 107.73 | OK | |
r-release-linux-x86_64 | 0.2.1 | 7.47 | 94.62 | 102.09 | OK | |
r-release-macos-arm64 | 0.2.1 | 41.00 | OK | |||
r-release-macos-x86_64 | 0.2.1 | 88.00 | OK | |||
r-release-windows-x86_64 | 0.2.1 | 14.00 | 87.00 | 101.00 | OK | |
r-oldrel-macos-arm64 | 0.2.1 | 48.00 | OK | |||
r-oldrel-macos-x86_64 | 0.2.1 | 92.00 | OK | |||
r-oldrel-windows-x86_64 | 0.2.1 | 15.00 | 105.00 | 120.00 | OK |
Version: 0.2.1
Check: data for non-ASCII characters
Result: NOTE
Note: found 16777 marked UTF-8 strings
Flavors: r-devel-linux-x86_64-fedora-clang, r-devel-linux-x86_64-fedora-gcc