Last updated on 2024-06-27 16:49:07 CEST.
Flavor | Version | Tinstall | Tcheck | Ttotal | Status | Flags |
---|---|---|---|---|---|---|
r-devel-linux-x86_64-debian-clang | 0.7.1 | NOTE | ||||
r-devel-linux-x86_64-debian-gcc | 0.7.1 | 587.92 | 206.03 | 793.95 | NOTE | |
r-devel-linux-x86_64-fedora-clang | 0.7.1 | 1119.08 | NOTE | |||
r-devel-linux-x86_64-fedora-gcc | 0.7.1 | 1575.99 | NOTE | |||
r-devel-windows-x86_64 | 0.7.1 | 535.00 | 213.00 | 748.00 | NOTE | |
r-patched-linux-x86_64 | 0.7.1 | 0.01 | 2.74 | 2.75 | ERROR | |
r-release-linux-x86_64 | 0.7.1 | 545.23 | 270.86 | 816.09 | NOTE | |
r-release-macos-arm64 | 0.7.1 | 270.00 | NOTE | |||
r-release-macos-x86_64 | 0.7.1 | 244.00 | NOTE | |||
r-release-windows-x86_64 | 0.7.1 | 530.00 | 221.00 | 751.00 | NOTE | |
r-oldrel-macos-arm64 | 0.7.1 | 304.00 | NOTE | |||
r-oldrel-macos-x86_64 | 0.7.1 | 325.00 | NOTE | |||
r-oldrel-windows-x86_64 | 0.7.1 | 688.00 | 270.00 | 958.00 | NOTE |
Version: 0.7.1
Check: for GNU extensions in Makefiles
Result: NOTE
GNU make is a SystemRequirements.
Flavors: r-devel-linux-x86_64-debian-clang, r-devel-linux-x86_64-debian-gcc, r-devel-linux-x86_64-fedora-clang, r-devel-linux-x86_64-fedora-gcc, r-devel-windows-x86_64, r-release-linux-x86_64, r-release-macos-arm64, r-release-macos-x86_64, r-release-windows-x86_64, r-oldrel-macos-arm64, r-oldrel-macos-x86_64, r-oldrel-windows-x86_64
Version: 0.7.1
Check: installed package size
Result: NOTE
installed size is 7.2Mb
sub-directories of 1Mb or more:
libs 5.8Mb
Flavors: r-devel-linux-x86_64-fedora-clang, r-devel-windows-x86_64, r-release-macos-arm64, r-release-macos-x86_64, r-release-windows-x86_64, r-oldrel-macos-arm64, r-oldrel-macos-x86_64, r-oldrel-windows-x86_64
Version: 0.7.1
Check: dependencies in R code
Result: NOTE
Namespaces in Imports field not imported from:
‘RcppParallel’ ‘rstantools’
All declared Imports should be used.
Flavors: r-devel-linux-x86_64-fedora-clang, r-devel-linux-x86_64-fedora-gcc
Version: 0.7.1
Check: whether package can be installed
Result: ERROR
Installation failed.
Flavor: r-patched-linux-x86_64