Last updated on 2024-06-27 16:49:07 CEST.
Flavor | Version | Tinstall | Tcheck | Ttotal | Status | Flags |
---|---|---|---|---|---|---|
r-devel-linux-x86_64-debian-clang | 2.1.0 | NOTE | ||||
r-devel-linux-x86_64-debian-gcc | 2.1.0 | 29.19 | 25.09 | 54.28 | NOTE | |
r-devel-linux-x86_64-fedora-clang | 2.1.0 | 108.86 | NOTE | |||
r-devel-linux-x86_64-fedora-gcc | 2.1.0 | 107.29 | NOTE | |||
r-devel-windows-x86_64 | 2.1.0 | 34.00 | 65.00 | 99.00 | NOTE | |
r-patched-linux-x86_64 | 2.1.0 | 34.92 | 30.51 | 65.43 | NOTE | |
r-release-linux-x86_64 | 2.1.0 | 35.66 | 30.78 | 66.44 | NOTE | |
r-release-macos-arm64 | 2.1.0 | 29.00 | NOTE | |||
r-release-macos-x86_64 | 2.1.0 | 33.00 | NOTE | |||
r-release-windows-x86_64 | 2.1.0 | 35.00 | 63.00 | 98.00 | NOTE | |
r-oldrel-macos-arm64 | 2.1.0 | 28.00 | NOTE | |||
r-oldrel-macos-x86_64 | 2.1.0 | 42.00 | NOTE | |||
r-oldrel-windows-x86_64 | 2.1.0 | 41.00 | 76.00 | 117.00 | NOTE |
Version: 2.1.0
Check: C++ specification
Result: NOTE
Specified C++11: please drop specification unless essential
Flavors: r-devel-linux-x86_64-debian-clang, r-devel-linux-x86_64-debian-gcc, r-devel-linux-x86_64-fedora-clang, r-devel-linux-x86_64-fedora-gcc, r-devel-windows-x86_64, r-patched-linux-x86_64, r-release-linux-x86_64, r-release-macos-arm64, r-release-macos-x86_64, r-release-windows-x86_64, r-oldrel-macos-arm64, r-oldrel-macos-x86_64, r-oldrel-windows-x86_64