Last updated on 2024-06-27 16:49:07 CEST.
Flavor | Version | Tinstall | Tcheck | Ttotal | Status | Flags |
---|---|---|---|---|---|---|
r-devel-linux-x86_64-debian-clang | 1.0.1 | ERROR | ||||
r-devel-linux-x86_64-debian-gcc | 1.0.1 | 1.92 | 15.14 | 17.06 | ERROR | |
r-devel-linux-x86_64-fedora-clang | 1.0.1 | 28.12 | ERROR | |||
r-devel-linux-x86_64-fedora-gcc | 1.0.1 | 26.90 | ERROR | |||
r-devel-windows-x86_64 | 1.0.1 | 4.00 | 36.00 | 40.00 | ERROR | |
r-patched-linux-x86_64 | 1.0.1 | 2.40 | 19.18 | 21.58 | NOTE | |
r-release-linux-x86_64 | 1.0.1 | 2.09 | 19.15 | 21.24 | NOTE | |
r-release-macos-arm64 | 1.0.1 | 14.00 | NOTE | |||
r-release-macos-x86_64 | 1.0.1 | 20.00 | NOTE | |||
r-release-windows-x86_64 | 1.0.1 | 5.00 | 35.00 | 40.00 | NOTE | |
r-oldrel-macos-arm64 | 1.0.1 | 15.00 | NOTE | |||
r-oldrel-macos-x86_64 | 1.0.1 | 19.00 | NOTE | |||
r-oldrel-windows-x86_64 | 1.0.1 | 8.00 | 35.00 | 43.00 | NOTE |
Version: 1.0.1
Check: LazyData
Result: NOTE
'LazyData' is specified without a 'data' directory
Flavors: r-devel-linux-x86_64-debian-clang, r-devel-linux-x86_64-debian-gcc, r-devel-linux-x86_64-fedora-clang, r-devel-linux-x86_64-fedora-gcc, r-devel-windows-x86_64, r-patched-linux-x86_64, r-release-linux-x86_64, r-release-macos-arm64, r-release-macos-x86_64, r-release-windows-x86_64, r-oldrel-macos-arm64, r-oldrel-macos-x86_64, r-oldrel-windows-x86_64
Version: 1.0.1
Check: examples
Result: ERROR
Running examples in ‘isnullptr-Ex.R’ failed
The error most likely occurred in:
> base::assign(".ptime", proc.time(), pos = "CheckExEnv")
> ### Name: isnullptr
> ### Title: Check if an 'externalptr' is a null pointer
> ### Aliases: isnullptr
>
> ### ** Examples
>
> isnullptr(new("externalptr"))
[1] TRUE
> isnullptr("any_data")
Error in isnullptr("any_data") :
R_ExternalPtrAddr: argument of type STRSXP is not an external pointer
Execution halted
Flavors: r-devel-linux-x86_64-debian-clang, r-devel-linux-x86_64-debian-gcc
Version: 1.0.1
Check: examples
Result: ERROR
Running examples in ‘isnullptr-Ex.R’ failed
The error most likely occurred in:
> ### Name: isnullptr
> ### Title: Check if an 'externalptr' is a null pointer
> ### Aliases: isnullptr
>
> ### ** Examples
>
> isnullptr(new("externalptr"))
[1] TRUE
> isnullptr("any_data")
Error in isnullptr("any_data") :
R_ExternalPtrAddr: argument of type STRSXP is not an external pointer
Execution halted
Flavors: r-devel-linux-x86_64-fedora-clang, r-devel-linux-x86_64-fedora-gcc, r-devel-windows-x86_64