Last updated on 2024-07-13 05:49:16 CEST.
Flavor | Version | Tinstall | Tcheck | Ttotal | Status | Flags |
---|---|---|---|---|---|---|
r-devel-linux-x86_64-debian-clang | 1.0.1 | 3.47 | 112.29 | 115.76 | OK | |
r-devel-linux-x86_64-debian-gcc | 1.0.1 | 3.82 | 83.88 | 87.70 | OK | |
r-devel-linux-x86_64-fedora-clang | 1.0.1 | 118.87 | OK | |||
r-devel-linux-x86_64-fedora-gcc | 1.0.1 | 151.88 | OK | |||
r-devel-windows-x86_64 | 1.0.1 | 9.00 | 102.00 | 111.00 | OK | |
r-patched-linux-x86_64 | 1.0.1 | 3.57 | 110.10 | 113.67 | OK | |
r-release-linux-x86_64 | 1.0.1 | 3.69 | 104.94 | 108.63 | OK | |
r-release-macos-arm64 | 1.0.1 | 54.00 | OK | |||
r-release-macos-x86_64 | 1.0.1 | 82.00 | OK | |||
r-release-windows-x86_64 | 1.0.1 | 9.00 | 103.00 | 112.00 | OK | |
r-oldrel-macos-arm64 | 1.0.1 | 32.00 | NOTE | |||
r-oldrel-macos-x86_64 | 1.0.1 | 42.00 | NOTE | |||
r-oldrel-windows-x86_64 | 1.0.1 | 9.00 | 142.00 | 151.00 | OK |
Version: 1.0.1
Check: package dependencies
Result: NOTE
Package suggested but not available for checking: ‘xcms’
Flavors: r-oldrel-macos-arm64, r-oldrel-macos-x86_64