Last updated on 2024-07-13 11:49:16 CEST.
Flavor | Version | Tinstall | Tcheck | Ttotal | Status | Flags |
---|---|---|---|---|---|---|
r-devel-linux-x86_64-debian-clang | 0.2.0 | 31.25 | 207.43 | 238.68 | NOTE | |
r-devel-linux-x86_64-debian-gcc | 0.2.0 | 26.16 | 145.87 | 172.03 | NOTE | |
r-devel-linux-x86_64-fedora-clang | 0.2.0 | 293.32 | NOTE | |||
r-devel-linux-x86_64-fedora-gcc | 0.2.0 | 275.76 | NOTE | |||
r-devel-windows-x86_64 | 0.2.0 | 30.00 | 154.00 | 184.00 | NOTE | |
r-patched-linux-x86_64 | 0.2.0 | 32.35 | 198.81 | 231.16 | NOTE | |
r-release-linux-x86_64 | 0.2.0 | 21.47 | 191.85 | 213.32 | NOTE | |
r-release-macos-arm64 | 0.2.0 | 76.00 | NOTE | |||
r-release-macos-x86_64 | 0.2.0 | 118.00 | NOTE | |||
r-release-windows-x86_64 | 0.2.0 | 29.00 | 156.00 | 185.00 | NOTE | |
r-oldrel-macos-arm64 | 0.2.0 | 70.00 | OK | |||
r-oldrel-macos-x86_64 | 0.2.0 | 150.00 | OK | |||
r-oldrel-windows-x86_64 | 0.2.0 | 38.00 | 194.00 | 232.00 | OK |
Version: 0.2.0
Check: Rd files
Result: NOTE
checkRd: (-1) est_mg.Rd:284: Lost braces
284 | item parameter estimates across the groups in the code{\link{est_mg}} function.
| ^
checkRd: (-1) llike_score.Rd:22: Lost braces
22 | function. See \code{\link{est_irt}}, \code{\link{irtfit}}, \\code{\link{info}},
| ^
Flavors: r-devel-linux-x86_64-debian-clang, r-devel-linux-x86_64-debian-gcc, r-devel-linux-x86_64-fedora-clang, r-devel-linux-x86_64-fedora-gcc, r-devel-windows-x86_64, r-patched-linux-x86_64, r-release-linux-x86_64, r-release-macos-arm64, r-release-macos-x86_64, r-release-windows-x86_64