Last updated on 2024-07-13 05:49:16 CEST.
Flavor | Version | Tinstall | Tcheck | Ttotal | Status | Flags |
---|---|---|---|---|---|---|
r-devel-linux-x86_64-debian-clang | 1.4.2 | 4.99 | 55.07 | 60.06 | OK | |
r-devel-linux-x86_64-debian-gcc | 1.4.2 | 2.54 | 41.89 | 44.43 | OK | |
r-devel-linux-x86_64-fedora-clang | 1.4.2 | 75.36 | NOTE | |||
r-devel-linux-x86_64-fedora-gcc | 1.4.2 | 84.12 | OK | |||
r-devel-windows-x86_64 | 1.4.2 | 5.00 | 87.00 | 92.00 | OK | |
r-patched-linux-x86_64 | 1.4.2 | 5.13 | 54.04 | 59.17 | OK | |
r-release-linux-x86_64 | 1.4.2 | 4.16 | 53.27 | 57.43 | OK | |
r-release-macos-arm64 | 1.4.2 | 32.00 | OK | |||
r-release-macos-x86_64 | 1.4.2 | 80.00 | OK | |||
r-release-windows-x86_64 | 1.4.2 | 5.00 | 85.00 | 90.00 | OK | |
r-oldrel-macos-arm64 | 1.4.2 | 35.00 | OK | |||
r-oldrel-macos-x86_64 | 1.4.2 | 50.00 | OK | |||
r-oldrel-windows-x86_64 | 1.4.2 | 5.00 | 95.00 | 100.00 | OK |
Version: 1.4.2
Check: Rd cross-references
Result: NOTE
Undeclared packages ‘nlstools’, ‘lme4’ in Rd xrefs
Flavor: r-devel-linux-x86_64-fedora-clang