Last updated on 2024-06-27 16:49:07 CEST.
Flavor | Version | Tinstall | Tcheck | Ttotal | Status | Flags |
---|---|---|---|---|---|---|
r-devel-linux-x86_64-debian-clang | 1.1-6 | OK | ||||
r-devel-linux-x86_64-debian-gcc | 1.1-6 | 6.11 | 53.74 | 59.85 | OK | |
r-devel-linux-x86_64-fedora-clang | 1.1-6 | 96.34 | NOTE | |||
r-devel-linux-x86_64-fedora-gcc | 1.1-6 | 92.16 | NOTE | |||
r-devel-windows-x86_64 | 1.1-6 | 8.00 | 71.00 | 79.00 | OK | |
r-patched-linux-x86_64 | 1.1-6 | 4.93 | 66.36 | 71.29 | OK | |
r-release-linux-x86_64 | 1.1-6 | 8.15 | 67.23 | 75.38 | OK | |
r-release-macos-arm64 | 1.1-6 | 33.00 | OK | |||
r-release-macos-x86_64 | 1.1-6 | 50.00 | OK | |||
r-release-windows-x86_64 | 1.1-6 | 8.00 | 73.00 | 81.00 | OK | |
r-oldrel-macos-arm64 | 1.1-6 | 42.00 | OK | |||
r-oldrel-macos-x86_64 | 1.1-6 | 68.00 | OK | |||
r-oldrel-windows-x86_64 | 1.1-6 | 10.00 | 85.00 | 95.00 | OK |
Version: 1.1-6
Check: data for non-ASCII characters
Result: NOTE
Note: found 12106 marked UTF-8 strings
Flavors: r-devel-linux-x86_64-fedora-clang, r-devel-linux-x86_64-fedora-gcc