Last updated on 2024-07-13 11:49:16 CEST.
Flavor | Version | Tinstall | Tcheck | Ttotal | Status | Flags |
---|---|---|---|---|---|---|
r-devel-linux-x86_64-debian-clang | 1.1-6 | 171.59 | 241.87 | 413.46 | OK | |
r-devel-linux-x86_64-debian-gcc | 1.1-6 | 132.27 | 184.61 | 316.88 | OK | |
r-devel-linux-x86_64-fedora-clang | 1.1-6 | 563.14 | OK | |||
r-devel-linux-x86_64-fedora-gcc | 1.1-6 | 609.56 | OK | |||
r-devel-windows-x86_64 | 1.1-6 | 132.00 | 281.00 | 413.00 | OK | |
r-patched-linux-x86_64 | 1.1-6 | 157.21 | 242.60 | 399.81 | OK | |
r-release-linux-x86_64 | 1.1-6 | 145.21 | 245.43 | 390.64 | OK | |
r-release-macos-arm64 | 1.1-6 | 137.00 | NOTE | |||
r-release-macos-x86_64 | 1.1-6 | 199.00 | NOTE | |||
r-release-windows-x86_64 | 1.1-6 | 134.00 | 284.00 | 418.00 | OK | |
r-oldrel-macos-arm64 | 1.1-6 | 198.00 | NOTE | |||
r-oldrel-macos-x86_64 | 1.1-6 | 604.00 | NOTE | |||
r-oldrel-windows-x86_64 | 1.1-6 | 164.00 | 315.00 | 479.00 | OK |
Version: 1.1-6
Check: installed package size
Result: NOTE
installed size is 33.2Mb
sub-directories of 1Mb or more:
doc 1.1Mb
libs 31.8Mb
Flavors: r-release-macos-arm64, r-release-macos-x86_64, r-oldrel-macos-arm64, r-oldrel-macos-x86_64