Last updated on 2024-06-27 16:49:07 CEST.
Flavor | Version | Tinstall | Tcheck | Ttotal | Status | Flags |
---|---|---|---|---|---|---|
r-devel-linux-x86_64-debian-clang | 1.1.1 | OK | ||||
r-devel-linux-x86_64-debian-gcc | 1.1.1 | 2.44 | 37.65 | 40.09 | OK | |
r-devel-linux-x86_64-fedora-clang | 1.1.1 | 67.67 | NOTE | |||
r-devel-linux-x86_64-fedora-gcc | 1.1.1 | 65.11 | NOTE | |||
r-devel-windows-x86_64 | 1.1.1 | 4.00 | 70.00 | 74.00 | OK | |
r-patched-linux-x86_64 | 1.1.1 | 2.68 | 48.56 | 51.24 | OK | |
r-release-linux-x86_64 | 1.1.1 | 3.51 | 49.65 | 53.16 | OK | |
r-release-macos-arm64 | 1.1.1 | 24.00 | OK | |||
r-release-macos-x86_64 | 1.1.1 | 35.00 | OK | |||
r-release-windows-x86_64 | 1.1.1 | 5.00 | 73.00 | 78.00 | OK | |
r-oldrel-macos-arm64 | 1.1.1 | 32.00 | OK | |||
r-oldrel-macos-x86_64 | 1.1.1 | 53.00 | OK | |||
r-oldrel-windows-x86_64 | 1.1.1 | 5.00 | 79.00 | 84.00 | OK |
Version: 1.1.1
Check: Rd cross-references
Result: NOTE
Undeclared package ‘chromote’ in Rd xrefs
Flavor: r-devel-linux-x86_64-fedora-clang
Version: 1.1.1
Check: data for non-ASCII characters
Result: NOTE
Note: found 9 marked UTF-8 strings
Flavors: r-devel-linux-x86_64-fedora-clang, r-devel-linux-x86_64-fedora-gcc