Last updated on 2024-06-27 16:49:07 CEST.
Flavor | Version | Tinstall | Tcheck | Ttotal | Status | Flags |
---|---|---|---|---|---|---|
r-devel-linux-x86_64-debian-clang | 1.2.3 | ERROR | ||||
r-devel-linux-x86_64-debian-gcc | 1.2.3 | 49.97 | 221.95 | 271.92 | OK | |
r-devel-linux-x86_64-fedora-clang | 1.2.3 | 490.82 | NOTE | |||
r-devel-linux-x86_64-fedora-gcc | 1.2.3 | 466.71 | OK | |||
r-devel-windows-x86_64 | 1.2.3 | 48.00 | 218.00 | 266.00 | NOTE | |
r-patched-linux-x86_64 | 1.2.3 | 57.07 | 302.57 | 359.64 | OK | |
r-release-linux-x86_64 | 1.2.3 | 58.28 | 304.25 | 362.53 | OK | |
r-release-macos-arm64 | 1.2.3 | 139.00 | NOTE | |||
r-release-macos-x86_64 | 1.2.3 | 218.00 | NOTE | |||
r-release-windows-x86_64 | 1.2.3 | 51.00 | 223.00 | 274.00 | NOTE | |
r-oldrel-macos-arm64 | 1.2.3 | 634.00 | NOTE | |||
r-oldrel-macos-x86_64 | 1.2.3 | 643.00 | NOTE | |||
r-oldrel-windows-x86_64 | 1.2.3 | 65.00 | 298.00 | 363.00 | NOTE |
Version: 1.2.3
Check: tests
Result: ERROR
Running ‘tinytest.R’ [24s/67s]
Running the tests in ‘tests/tinytest.R’ failed.
Complete output:
> if (requireNamespace("tinytest", quietly = TRUE)) {
+ Sys.setenv(R_TESTS = "")
+ tinytest::test_package("inldata")
+ }
test_data.R................... 0 tests
test_data.R................... 0 tests
test_data.R................... 0 tests
test_data.R................... 0 tests
test_data.R................... 0 tests
test_data.R................... 0 tests
test_data.R................... 0 tests
test_data.R................... 0 tests
test_data.R................... 1 tests <1b>[0;32mOK<1b>[0m
test_data.R................... 2 tests <1b>[0;32mOK<1b>[0m
test_data.R................... 3 tests <1b>[0;32mOK<1b>[0m
test_data.R................... 3 tests <1b>[0;32mOK<1b>[0m
test_data.R................... 3 tests <1b>[0;32mOK<1b>[0m
test_data.R................... 3 tests <1b>[0;32mOK<1b>[0m
test_data.R................... 3 tests <1b>[0;32mOK<1b>[0m
test_data.R................... 3 tests <1b>[0;32mOK<1b>[0m
test_data.R................... 4 tests <1b>[0;32mOK<1b>[0m
test_data.R................... 5 tests <1b>[0;32mOK<1b>[0m
test_data.R................... 6 tests <1b>[0;32mOK<1b>[0m
test_data.R................... 6 tests <1b>[0;32mOK<1b>[0m
test_data.R................... 6 tests <1b>[0;32mOK<1b>[0m
test_data.R................... 6 tests <1b>[0;32mOK<1b>[0m
test_data.R................... 6 tests <1b>[0;32mOK<1b>[0m
test_data.R................... 7 tests <1b>[0;32mOK<1b>[0m
test_data.R................... 8 tests <1b>[0;32mOK<1b>[0m
test_data.R................... 9 tests <1b>[0;32mOK<1b>[0m
test_data.R................... 10 tests <1b>[0;32mOK<1b>[0m
test_data.R................... 10 tests <1b>[0;32mOK<1b>[0m
test_data.R................... 10 tests <1b>[0;32mOK<1b>[0m
test_data.R................... 10 tests <1b>[0;32mOK<1b>[0m
test_data.R................... 10 tests <1b>[0;32mOK<1b>[0m
test_data.R................... 11 tests <1b>[0;32mOK<1b>[0m
test_data.R................... 12 tests <1b>[0;32mOK<1b>[0m
test_data.R................... 13 tests <1b>[0;32mOK<1b>[0m
test_data.R................... 14 tests <1b>[0;32mOK<1b>[0m
test_data.R................... 14 tests <1b>[0;32mOK<1b>[0m
test_data.R................... 14 tests <1b>[0;32mOK<1b>[0m
test_data.R................... 15 tests <1b>[0;32mOK<1b>[0m <1b>[0;34m2.7s<1b>[0m
test_functions.R.............. 0 tests
test_functions.R.............. 0 tests
test_functions.R.............. 0 tests
test_functions.R.............. 0 tests
test_functions.R.............. 1 tests <1b>[0;32mOK<1b>[0m
test_functions.R.............. 1 tests <1b>[0;32mOK<1b>[0m
test_functions.R.............. 2 tests <1b>[0;32mOK<1b>[0m
test_functions.R.............. 2 tests <1b>[0;32mOK<1b>[0m
test_functions.R.............. 3 tests <1b>[0;32mOK<1b>[0m
test_functions.R.............. 4 tests <1b>[0;32mOK<1b>[0m
test_functions.R.............. 5 tests <1b>[0;32mOK<1b>[0m
test_functions.R.............. 5 tests <1b>[0;32mOK<1b>[0m
test_functions.R.............. 5 tests <1b>[0;32mOK<1b>[0m
test_functions.R.............. 6 tests <1b>[0;32mOK<1b>[0m
test_functions.R.............. 6 tests <1b>[0;32mOK<1b>[0m
test_functions.R.............. 6 tests <1b>[0;32mOK<1b>[0m
test_functions.R.............. 7 tests <1b>[0;32mOK<1b>[0m
test_functions.R.............. 7 tests <1b>[0;32mOK<1b>[0m
test_functions.R.............. 8 tests <1b>[0;32mOK<1b>[0m
test_functions.R.............. 8 tests <1b>[0;32mOK<1b>[0m
test_functions.R.............. 8 tests <1b>[0;32mOK<1b>[0m
test_functions.R.............. 8 tests <1b>[0;32mOK<1b>[0m
test_functions.R.............. 8 tests <1b>[0;32mOK<1b>[0m
test_functions.R.............. 8 tests <1b>[0;32mOK<1b>[0m
test_functions.R.............. 9 tests <1b>[0;32mOK<1b>[0m
test_functions.R.............. 9 tests <1b>[0;32mOK<1b>[0m
test_functions.R.............. 10 tests <1b>[0;32mOK<1b>[0m
test_functions.R.............. 11 tests <1b>[0;32mOK<1b>[0m
test_functions.R.............. 11 tests <1b>[0;32mOK<1b>[0m
test_functions.R.............. 11 tests <1b>[0;32mOK<1b>[0m
test_functions.R.............. 12 tests <1b>[0;32mOK<1b>[0m <1b>[0;34m16.2s<1b>[0m
test_make_datasets.R.......... 0 tests
test_make_datasets.R.......... 0 tests
test_make_datasets.R.......... 0 tests
test_make_datasets.R.......... 0 tests TIMESTAMP: 2024-06-25 05:14:04 CEST
test_make_datasets.R.......... 1 tests <1b>[0;32mOK<1b>[0m
test_make_datasets.R.......... 1 tests <1b>[0;32mOK<1b>[0m
test_make_datasets.R.......... 1 tests <1b>[0;32mOK<1b>[0m
test_make_datasets.R.......... 1 tests <1b>[0;32mOK<1b>[0m
test_make_datasets.R.......... 1 tests <1b>[0;32mOK<1b>[0m
test_make_datasets.R.......... 2 tests <1b>[0;32mOK<1b>[0m
test_make_datasets.R.......... 2 tests <1b>[0;32mOK<1b>[0m
test_make_datasets.R.......... 3 tests <1b>[0;32mOK<1b>[0m
test_make_datasets.R.......... 3 tests <1b>[0;32mOK<1b>[0m
test_make_datasets.R.......... 3 tests <1b>[0;32mOK<1b>[0m
test_make_datasets.R.......... 4 tests <1b>[0;32mOK<1b>[0m
test_make_datasets.R.......... 4 tests <1b>[0;32mOK<1b>[0m
test_make_datasets.R.......... 4 tests <1b>[0;32mOK<1b>[0m
test_make_datasets.R.......... 4 tests <1b>[0;32mOK<1b>[0m
test_make_datasets.R.......... 4 tests <1b>[0;32mOK<1b>[0m
test_make_datasets.R.......... 5 tests <1b>[0;32mOK<1b>[0m
test_make_datasets.R.......... 5 tests <1b>[0;32mOK<1b>[0m Error in curl::curl_fetch_disk(url, x$path, handle = handle): Timeout was reached: [waterservices.usgs.gov] SSL connection timeout
Request failed [ERROR]. Retrying in 1.6 seconds...
Error in curl::curl_fetch_disk(url, x$path, handle = handle): Timeout was reached: [waterservices.usgs.gov] SSL connection timeout
Request failed [ERROR]. Retrying in 2.2 seconds...
Error in curl::curl_fetch_disk(url, x$path, handle = handle) :
Timeout was reached: [waterservices.usgs.gov] SSL connection timeout
Calls: <Anonymous> ... importRDB1 -> getWebServiceData -> retryGetOrPost -> <Anonymous>
In addition: Warning message:
attribute variables are assumed to be spatially constant throughout all geometries
Execution halted
Flavor: r-devel-linux-x86_64-debian-clang
Version: 1.2.3
Check: installed package size
Result: NOTE
installed size is 5.6Mb
sub-directories of 1Mb or more:
data 5.1Mb
Flavors: r-devel-linux-x86_64-fedora-clang, r-devel-windows-x86_64, r-release-macos-arm64, r-release-macos-x86_64, r-release-windows-x86_64, r-oldrel-macos-arm64, r-oldrel-macos-x86_64, r-oldrel-windows-x86_64