Last updated on 2024-07-13 11:49:16 CEST.
Flavor | Version | Tinstall | Tcheck | Ttotal | Status | Flags |
---|---|---|---|---|---|---|
r-devel-linux-x86_64-debian-clang | 1.0.2.1 | 58.36 | 121.45 | 179.81 | NOTE | |
r-devel-linux-x86_64-debian-gcc | 1.0.2.1 | 39.95 | 89.36 | 129.31 | NOTE | |
r-devel-linux-x86_64-fedora-clang | 1.0.2.1 | 249.22 | NOTE | |||
r-devel-linux-x86_64-fedora-gcc | 1.0.2.1 | 259.16 | NOTE | |||
r-devel-windows-x86_64 | 1.0.2.1 | 51.00 | 135.00 | 186.00 | NOTE | |
r-patched-linux-x86_64 | 1.0.2.1 | 49.85 | 113.02 | 162.87 | NOTE | |
r-release-linux-x86_64 | 1.0.2.1 | 54.49 | 112.60 | 167.09 | NOTE | |
r-release-macos-arm64 | 1.0.2.1 | 59.00 | NOTE | |||
r-release-macos-x86_64 | 1.0.2.1 | 86.00 | NOTE | |||
r-release-windows-x86_64 | 1.0.2.1 | 54.00 | 138.00 | 192.00 | NOTE | |
r-oldrel-macos-arm64 | 1.0.2.1 | 68.00 | NOTE | |||
r-oldrel-macos-x86_64 | 1.0.2.1 | 109.00 | NOTE | |||
r-oldrel-windows-x86_64 | 1.0.2.1 | 62.00 | 156.00 | 218.00 | NOTE |
Version: 1.0.2.1
Check: C++ specification
Result: NOTE
Specified C++11: please drop specification unless essential
Flavors: r-devel-linux-x86_64-debian-clang, r-devel-linux-x86_64-debian-gcc, r-devel-linux-x86_64-fedora-clang, r-devel-linux-x86_64-fedora-gcc, r-devel-windows-x86_64, r-patched-linux-x86_64, r-release-linux-x86_64, r-release-macos-arm64, r-release-macos-x86_64, r-release-windows-x86_64, r-oldrel-macos-arm64, r-oldrel-macos-x86_64, r-oldrel-windows-x86_64
Version: 1.0.2.1
Check: Rd files
Result: NOTE
checkRd: (-1) oversample.Rd:23-24: Lost braces
23 | minority examples and majority ones, that is, the quotient {size of
| ^
checkRd: (-1) oversample.Rd:24: Lost braces; missing escapes or markup?
24 | minority class}/{size of majority class}. There are methods, such as
| ^
Flavors: r-devel-linux-x86_64-debian-clang, r-devel-linux-x86_64-debian-gcc, r-devel-linux-x86_64-fedora-clang, r-devel-linux-x86_64-fedora-gcc, r-devel-windows-x86_64, r-patched-linux-x86_64, r-release-linux-x86_64, r-release-macos-arm64, r-release-macos-x86_64, r-release-windows-x86_64