Last updated on 2024-06-27 16:49:06 CEST.
Flavor | Version | Tinstall | Tcheck | Ttotal | Status | Flags |
---|---|---|---|---|---|---|
r-devel-linux-x86_64-debian-clang | 1.0.2.1 | NOTE | ||||
r-devel-linux-x86_64-debian-gcc | 1.0.2.1 | 41.26 | 87.20 | 128.46 | NOTE | |
r-devel-linux-x86_64-fedora-clang | 1.0.2.1 | 257.61 | NOTE | |||
r-devel-linux-x86_64-fedora-gcc | 1.0.2.1 | 246.27 | NOTE | |||
r-devel-windows-x86_64 | 1.0.2.1 | 51.00 | 133.00 | 184.00 | NOTE | |
r-patched-linux-x86_64 | 1.0.2.1 | 47.08 | 115.82 | 162.90 | NOTE | |
r-release-linux-x86_64 | 1.0.2.1 | 49.46 | 137.53 | 186.99 | NOTE | |
r-release-macos-arm64 | 1.0.2.1 | 59.00 | NOTE | |||
r-release-macos-x86_64 | 1.0.2.1 | 86.00 | NOTE | |||
r-release-windows-x86_64 | 1.0.2.1 | 52.00 | 137.00 | 189.00 | NOTE | |
r-oldrel-macos-arm64 | 1.0.2.1 | 68.00 | NOTE | |||
r-oldrel-macos-x86_64 | 1.0.2.1 | 109.00 | NOTE | |||
r-oldrel-windows-x86_64 | 1.0.2.1 | 61.00 | 158.00 | 219.00 | NOTE |
Version: 1.0.2.1
Check: C++ specification
Result: NOTE
Specified C++11: please drop specification unless essential
Flavors: r-devel-linux-x86_64-debian-clang, r-devel-linux-x86_64-debian-gcc, r-devel-linux-x86_64-fedora-clang, r-devel-linux-x86_64-fedora-gcc, r-devel-windows-x86_64, r-patched-linux-x86_64, r-release-linux-x86_64, r-release-macos-arm64, r-release-macos-x86_64, r-release-windows-x86_64, r-oldrel-macos-arm64, r-oldrel-macos-x86_64, r-oldrel-windows-x86_64
Version: 1.0.2.1
Check: Rd files
Result: NOTE
checkRd: (-1) oversample.Rd:23-24: Lost braces
23 | minority examples and majority ones, that is, the quotient {size of
| ^
checkRd: (-1) oversample.Rd:24: Lost braces; missing escapes or markup?
24 | minority class}/{size of majority class}. There are methods, such as
| ^
Flavors: r-devel-linux-x86_64-debian-clang, r-devel-linux-x86_64-debian-gcc, r-devel-linux-x86_64-fedora-clang, r-devel-linux-x86_64-fedora-gcc, r-devel-windows-x86_64, r-patched-linux-x86_64, r-release-linux-x86_64, r-release-macos-arm64, r-release-macos-x86_64, r-release-windows-x86_64