Last updated on 2024-06-27 16:49:06 CEST.
Flavor | Version | Tinstall | Tcheck | Ttotal | Status | Flags |
---|---|---|---|---|---|---|
r-devel-linux-x86_64-debian-clang | 0.1.0 | NOTE | ||||
r-devel-linux-x86_64-debian-gcc | 0.1.0 | 15.56 | 131.38 | 146.94 | NOTE | |
r-devel-linux-x86_64-fedora-clang | 0.1.0 | 250.85 | NOTE | |||
r-devel-linux-x86_64-fedora-gcc | 0.1.0 | 238.47 | NOTE | |||
r-devel-windows-x86_64 | 0.1.0 | 17.00 | 141.00 | 158.00 | NOTE | |
r-patched-linux-x86_64 | 0.1.0 | 18.55 | 115.32 | 133.87 | NOTE | |
r-release-linux-x86_64 | 0.1.0 | 13.74 | 113.48 | 127.22 | NOTE | |
r-release-macos-arm64 | 0.1.0 | 70.00 | NOTE | |||
r-release-macos-x86_64 | 0.1.0 | 117.00 | NOTE | |||
r-release-windows-x86_64 | 0.1.0 | 18.00 | 145.00 | 163.00 | NOTE | |
r-oldrel-macos-arm64 | 0.1.0 | 72.00 | NOTE | |||
r-oldrel-macos-x86_64 | 0.1.0 | 117.00 | NOTE | |||
r-oldrel-windows-x86_64 | 0.1.0 | 21.00 | 186.00 | 207.00 | NOTE |
Version: 0.1.0
Check: LazyData
Result: NOTE
'LazyData' is specified without a 'data' directory
Flavors: r-devel-linux-x86_64-debian-clang, r-devel-linux-x86_64-debian-gcc, r-devel-linux-x86_64-fedora-clang, r-devel-linux-x86_64-fedora-gcc, r-devel-windows-x86_64, r-patched-linux-x86_64, r-release-linux-x86_64, r-release-macos-arm64, r-release-macos-x86_64, r-release-windows-x86_64, r-oldrel-macos-arm64, r-oldrel-macos-x86_64, r-oldrel-windows-x86_64
Version: 0.1.0
Check: installed package size
Result: NOTE
installed size is 5.3Mb
sub-directories of 1Mb or more:
extdata 4.8Mb
Flavors: r-devel-linux-x86_64-fedora-clang, r-devel-windows-x86_64, r-release-macos-arm64, r-release-macos-x86_64, r-release-windows-x86_64, r-oldrel-macos-arm64, r-oldrel-macos-x86_64, r-oldrel-windows-x86_64