Last updated on 2024-06-21 15:52:53 CEST.
Flavor | Version | Tinstall | Tcheck | Ttotal | Status | Flags |
---|---|---|---|---|---|---|
r-devel-linux-x86_64-debian-clang | 1.1 | 5.19 | 63.55 | 68.74 | NOTE | |
r-devel-linux-x86_64-debian-gcc | 1.1 | 5.63 | 50.22 | 55.85 | NOTE | |
r-devel-linux-x86_64-fedora-clang | 1.1 | 92.95 | NOTE | |||
r-devel-linux-x86_64-fedora-gcc | 1.1 | 100.54 | NOTE | |||
r-devel-windows-x86_64 | 1.1 | 9.00 | 64.00 | 73.00 | NOTE | |
r-patched-linux-x86_64 | 1.1 | 6.97 | 63.63 | 70.60 | NOTE | |
r-release-linux-x86_64 | 1.1 | 6.21 | 63.74 | 69.95 | NOTE | |
r-release-macos-arm64 | 1.1 | 35.00 | NOTE | |||
r-release-macos-x86_64 | 1.1 | 57.00 | NOTE | |||
r-release-windows-x86_64 | 1.1 | 9.00 | 65.00 | 74.00 | NOTE | |
r-oldrel-macos-arm64 | 1.1 | 43.00 | OK | |||
r-oldrel-macos-x86_64 | 1.1 | 112.00 | OK | |||
r-oldrel-windows-x86_64 | 1.1 | 9.00 | 77.00 | 86.00 | OK |
Version: 1.1
Check: Rd files
Result: NOTE
checkRd: (-1) ws_download.Rd:31: Lost braces; missing escapes or markup?
31 | (while using the {hwsdr} package for HWSD v2.0).
| ^
Flavors: r-devel-linux-x86_64-debian-clang, r-devel-linux-x86_64-debian-gcc, r-devel-linux-x86_64-fedora-clang, r-devel-linux-x86_64-fedora-gcc, r-devel-windows-x86_64, r-patched-linux-x86_64, r-release-linux-x86_64, r-release-macos-arm64, r-release-macos-x86_64, r-release-windows-x86_64
Version: 1.1
Check: data for non-ASCII characters
Result: NOTE
Note: found 1 marked UTF-8 string
Flavors: r-devel-linux-x86_64-fedora-clang, r-devel-linux-x86_64-fedora-gcc