Last updated on 2024-06-27 16:49:06 CEST.
Flavor | Version | Tinstall | Tcheck | Ttotal | Status | Flags |
---|---|---|---|---|---|---|
r-devel-linux-x86_64-debian-clang | 3.0.3 | OK | ||||
r-devel-linux-x86_64-debian-gcc | 3.0.3 | 48.31 | 42.44 | 90.75 | OK | |
r-devel-linux-x86_64-fedora-clang | 3.0.3 | 199.28 | OK | |||
r-devel-linux-x86_64-fedora-gcc | 3.0.3 | 204.29 | OK | |||
r-devel-windows-x86_64 | 3.0.3 | 61.00 | 91.00 | 152.00 | OK | |
r-patched-linux-x86_64 | 3.0.3 | 67.50 | 54.21 | 121.71 | OK | |
r-release-linux-x86_64 | 3.0.3 | 67.58 | 52.90 | 120.48 | OK | |
r-release-macos-arm64 | 3.0.3 | 57.00 | NOTE | |||
r-release-macos-x86_64 | 3.0.3 | 73.00 | NOTE | |||
r-release-windows-x86_64 | 3.0.3 | 63.00 | 96.00 | 159.00 | OK | |
r-oldrel-macos-arm64 | 3.0.3 | 85.00 | NOTE | |||
r-oldrel-macos-x86_64 | 3.0.3 | 154.00 | NOTE | |||
r-oldrel-windows-x86_64 | 3.0.3 | 65.00 | 105.00 | 170.00 | OK |
Version: 3.0.3
Check: installed package size
Result: NOTE
installed size is 7.9Mb
sub-directories of 1Mb or more:
dict 1.5Mb
libs 5.3Mb
Flavors: r-release-macos-arm64, r-release-macos-x86_64, r-oldrel-macos-arm64, r-oldrel-macos-x86_64