Last updated on 2024-07-13 11:49:16 CEST.
Flavor | Version | Tinstall | Tcheck | Ttotal | Status | Flags |
---|---|---|---|---|---|---|
r-devel-linux-x86_64-debian-clang | 1.0.3 | 2.48 | 25.95 | 28.43 | OK | |
r-devel-linux-x86_64-debian-gcc | 1.0.3 | 2.09 | 20.61 | 22.70 | OK | |
r-devel-linux-x86_64-fedora-clang | 1.0.3 | 36.26 | OK | |||
r-devel-linux-x86_64-fedora-gcc | 1.0.3 | 34.61 | OK | |||
r-devel-windows-x86_64 | 1.0.3 | 4.00 | 47.00 | 51.00 | NOTE | |
r-patched-linux-x86_64 | 1.0.3 | 3.92 | 25.39 | 29.31 | OK | |
r-release-linux-x86_64 | 1.0.3 | 2.37 | 25.84 | 28.21 | OK | |
r-release-macos-arm64 | 1.0.3 | 15.00 | OK | |||
r-release-macos-x86_64 | 1.0.3 | 28.00 | OK | |||
r-release-windows-x86_64 | 1.0.3 | 3.00 | 48.00 | 51.00 | OK | |
r-oldrel-macos-arm64 | 1.0.3 | 17.00 | OK | |||
r-oldrel-macos-x86_64 | 1.0.3 | 24.00 | OK | |||
r-oldrel-windows-x86_64 | 1.0.3 | 3.00 | 47.00 | 50.00 | OK |
Version: 1.0.3
Check: Rd cross-references
Result: NOTE
Found the following Rd file(s) with Rd \link{} targets missing package
anchors:
Lchs.Rd: plot.Lc, Lc
plot.hotspots.Rd: densityplot
Please provide package anchors for all Rd \link{} targets not in the
package itself and the base packages.
Flavor: r-devel-windows-x86_64