Last updated on 2024-07-13 11:49:15 CEST.
Flavor | Version | Tinstall | Tcheck | Ttotal | Status | Flags |
---|---|---|---|---|---|---|
r-devel-linux-x86_64-debian-clang | 0.0.8 | 237.12 | 309.85 | 546.97 | NOTE | |
r-devel-linux-x86_64-debian-gcc | 0.0.8 | 214.66 | 232.24 | 446.90 | NOTE | |
r-devel-linux-x86_64-fedora-clang | 0.0.8 | 690.10 | NOTE | |||
r-devel-linux-x86_64-fedora-gcc | 0.0.8 | 798.58 | NOTE | |||
r-devel-windows-x86_64 | 0.0.8 | 185.00 | 241.00 | 426.00 | NOTE | |
r-patched-linux-x86_64 | 0.0.8 | 180.45 | 308.77 | 489.22 | NOTE | |
r-release-linux-x86_64 | 0.0.8 | 0.34 | 2.28 | 2.62 | ERROR | |
r-release-macos-arm64 | 0.0.8 | 165.00 | NOTE | |||
r-release-macos-x86_64 | 0.0.8 | 304.00 | NOTE | |||
r-release-windows-x86_64 | 0.0.8 | 187.00 | 245.00 | 432.00 | NOTE | |
r-oldrel-macos-arm64 | 0.0.8 | 165.00 | NOTE | |||
r-oldrel-macos-x86_64 | 0.0.8 | 398.00 | NOTE | |||
r-oldrel-windows-x86_64 | 0.0.8 | 246.00 | 306.00 | 552.00 | NOTE |
Version: 0.0.8
Check: for GNU extensions in Makefiles
Result: NOTE
GNU make is a SystemRequirements.
Flavors: r-devel-linux-x86_64-debian-clang, r-devel-linux-x86_64-debian-gcc, r-devel-linux-x86_64-fedora-clang, r-devel-linux-x86_64-fedora-gcc, r-devel-windows-x86_64, r-patched-linux-x86_64, r-release-macos-arm64, r-release-macos-x86_64, r-release-windows-x86_64, r-oldrel-macos-arm64, r-oldrel-macos-x86_64, r-oldrel-windows-x86_64
Version: 0.0.8
Check: package dependencies
Result: ERROR
Package required but not available: ‘trialr’
See section ‘The DESCRIPTION file’ in the ‘Writing R Extensions’
manual.
Flavor: r-release-linux-x86_64
Version: 0.0.8
Check: installed package size
Result: NOTE
installed size is 65.5Mb
sub-directories of 1Mb or more:
libs 65.0Mb
Flavors: r-release-macos-arm64, r-release-macos-x86_64, r-oldrel-macos-arm64, r-oldrel-macos-x86_64